CRAN Package Check Results for Package didrooRFM

Last updated on 2022-05-23 09:51:07 CEST.

Flavor Version Tinstall Tcheck Ttotal Status Flags
r-devel-linux-x86_64-debian-clang 1.0.0 4.79 55.49 60.28 NOTE
r-devel-linux-x86_64-debian-gcc 1.0.0 3.30 40.38 43.68 NOTE
r-devel-linux-x86_64-fedora-clang 1.0.0 68.86 NOTE
r-devel-linux-x86_64-fedora-gcc 1.0.0 67.09 NOTE
r-devel-windows-x86_64 1.0.0 12.00 68.00 80.00 NOTE
r-patched-linux-x86_64 1.0.0 4.89 50.76 55.65 NOTE
r-release-linux-x86_64 1.0.0 NOTE
r-release-macos-arm64 1.0.0 21.00 NOTE
r-release-macos-x86_64 1.0.0 37.00 NOTE
r-release-windows-x86_64 1.0.0 10.00 66.00 76.00 NOTE
r-oldrel-macos-arm64 1.0.0 27.00 NOTE
r-oldrel-macos-x86_64 1.0.0 39.00 NOTE
r-oldrel-windows-ix86+x86_64 1.0.0 13.00 61.00 74.00 NOTE

Check Details

Version: 1.0.0
Check: LazyData
Result: NOTE
     'LazyData' is specified without a 'data' directory
Flavors: r-devel-linux-x86_64-debian-clang, r-devel-linux-x86_64-debian-gcc, r-devel-linux-x86_64-fedora-clang, r-devel-linux-x86_64-fedora-gcc, r-devel-windows-x86_64, r-patched-linux-x86_64, r-release-linux-x86_64, r-release-macos-arm64, r-release-macos-x86_64, r-release-windows-x86_64, r-oldrel-macos-arm64, r-oldrel-macos-x86_64, r-oldrel-windows-ix86+x86_64