CRAN Package Check Results for Package diffEnrich

Last updated on 2021-09-19 11:49:49 CEST.

Flavor Version Tinstall Tcheck Ttotal Status Flags
r-devel-linux-x86_64-debian-clang 0.1.1 6.12 69.45 75.57 OK
r-devel-linux-x86_64-debian-gcc 0.1.1 4.89 51.96 56.85 OK
r-devel-linux-x86_64-fedora-clang 0.1.1 99.94 OK
r-devel-linux-x86_64-fedora-gcc 0.1.1 88.24 OK
r-devel-windows-x86_64 0.1.1 7.00 109.00 116.00 OK
r-devel-windows-x86_64-gcc10-UCRT 0.1.1 ERROR
r-patched-linux-x86_64 0.1.1 6.12 64.28 70.40 OK
r-patched-solaris-x86 0.1.1 127.20 OK
r-release-linux-x86_64 0.1.1 6.79 64.75 71.54 OK
r-release-macos-arm64 0.1.1 OK
r-release-macos-x86_64 0.1.1 OK
r-release-windows-ix86+x86_64 0.1.1 16.00 91.00 107.00 OK
r-oldrel-macos-x86_64 0.1.1 OK
r-oldrel-windows-ix86+x86_64 0.1.1 16.00 116.00 132.00 OK

Check Details

Version: 0.1.1
Check: whether package can be installed
Result: WARN
    Found the following significant warnings:
     WARNING: installation-time patches will not be applied, could not get the patches index
Flavor: r-devel-windows-x86_64-gcc10-UCRT

Version: 0.1.1
Check: PDF version of manual
Result: WARN
    LaTeX errors when creating PDF version.
    This typically indicates Rd problems.
Flavor: r-devel-windows-x86_64-gcc10-UCRT

Version: 0.1.1
Check: PDF version of manual without hyperrefs or index
Result: ERROR
    Re-running with no redirection of stdout/stderr.
Flavor: r-devel-windows-x86_64-gcc10-UCRT