CRAN Package Check Results for Package diffIRT

Last updated on 2024-03-03 04:48:34 CET.

Flavor Version Tinstall Tcheck Ttotal Status Flags
r-devel-linux-x86_64-debian-clang 1.5 6.17 35.18 41.35 OK
r-devel-linux-x86_64-debian-gcc 1.5 3.89 26.79 30.68 OK
r-devel-linux-x86_64-fedora-clang 1.5 50.79 NOTE
r-devel-linux-x86_64-fedora-gcc 1.5 47.06 NOTE
r-devel-windows-x86_64 1.5 7.00 52.00 59.00 OK
r-patched-linux-x86_64 1.5 6.53 34.34 40.87 OK
r-release-linux-x86_64 1.5 5.41 34.17 39.58 OK
r-release-macos-arm64 1.5 21.00 OK
r-release-macos-x86_64 1.5 29.00 OK
r-release-windows-x86_64 1.5 7.00 53.00 60.00 OK
r-oldrel-macos-arm64 1.5 20.00 OK
r-oldrel-windows-x86_64 1.5 8.00 55.00 63.00 OK

Check Details

Version: 1.5
Check: compiled code
Result: NOTE File ‘diffIRT/libs/diffIRT.so’: Found no calls to: ‘R_registerRoutines’, ‘R_useDynamicSymbols’ It is good practice to register native routines and to disable symbol search. See ‘Writing portable packages’ in the ‘Writing R Extensions’ manual. Flavors: r-devel-linux-x86_64-fedora-clang, r-devel-linux-x86_64-fedora-gcc