CRAN Package Check Results for Package diffIRT

Last updated on 2020-07-04 12:48:41 CEST.

Flavor Version Tinstall Tcheck Ttotal Status Flags
r-devel-linux-x86_64-debian-clang 1.5 4.66 28.86 33.52 OK
r-devel-linux-x86_64-debian-gcc 1.5 4.69 22.39 27.08 OK
r-devel-linux-x86_64-fedora-clang 1.5 50.24 NOTE
r-devel-linux-x86_64-fedora-gcc 1.5 41.28 NOTE
r-devel-windows-ix86+x86_64 1.5 21.00 70.00 91.00 OK
r-patched-linux-x86_64 1.5 4.91 29.29 34.20 OK
r-patched-solaris-x86 1.5 58.20 OK
r-release-linux-x86_64 1.5 4.65 28.98 33.63 OK
r-release-osx-x86_64 1.5 OK
r-release-windows-ix86+x86_64 1.5 13.00 49.00 62.00 OK
r-oldrel-osx-x86_64 1.5 OK
r-oldrel-windows-ix86+x86_64 1.5 12.00 65.00 77.00 OK

Check Details

Version: 1.5
Check: compiled code
Result: NOTE
    File ‘diffIRT/libs/diffIRT.so’:
     Found no calls to: ‘R_registerRoutines’, ‘R_useDynamicSymbols’
    
    It is good practice to register native routines and to disable symbol
    search.
    
    See ‘Writing portable packages’ in the ‘Writing R Extensions’ manual.
Flavors: r-devel-linux-x86_64-fedora-clang, r-devel-linux-x86_64-fedora-gcc