CRAN Package Check Results for Package diffMeanVar

Last updated on 2019-08-21 22:48:37 CEST.

Flavor Version Tinstall Tcheck Ttotal Status Flags
r-devel-linux-x86_64-debian-clang 0.0.6 29.87 382.74 412.61 OK
r-devel-linux-x86_64-debian-gcc 0.0.6 OK
r-devel-linux-x86_64-fedora-clang 0.0.6 546.14 OK
r-devel-linux-x86_64-fedora-gcc 0.0.6 554.30 OK
r-devel-windows-ix86+x86_64 0.0.6 28.00 7.00 35.00 ERROR
r-patched-linux-x86_64 0.0.6 28.27 366.08 394.35 OK
r-release-linux-x86_64 0.0.6 28.68 368.05 396.73 OK
r-release-windows-ix86+x86_64 0.0.6 19.00 5.00 24.00 ERROR
r-release-osx-x86_64 0.0.6 ERROR
r-oldrel-windows-ix86+x86_64 0.0.6 27.00 5.00 32.00 ERROR
r-oldrel-osx-x86_64 0.0.6 ERROR

Check Details

Version: 0.0.6
Check: whether package can be installed
Result: ERROR
    Installation failed.
Flavors: r-devel-windows-ix86+x86_64, r-release-windows-ix86+x86_64, r-oldrel-windows-ix86+x86_64

Version: 0.0.6
Check: package dependencies
Result: ERROR
    Packages required but not available: 'Biobase', 'missMethyl', 'methylumi'
    
    See section ‘The DESCRIPTION file’ in the ‘Writing R Extensions’
    manual.
Flavor: r-release-osx-x86_64

Version: 0.0.6
Check: package dependencies
Result: ERROR
    Packages required but not available: ‘missMethyl’ ‘methylumi’
    
    See section ‘The DESCRIPTION file’ in the ‘Writing R Extensions’
    manual.
Flavor: r-oldrel-osx-x86_64