CRAN Package Check Results for Package diffMeanVar

Last updated on 2019-05-25 22:50:59 CEST.

Flavor Version Tinstall Tcheck Ttotal Status Flags
r-devel-linux-x86_64-debian-clang 0.0.6 28.74 368.05 396.79 OK
r-devel-linux-x86_64-debian-gcc 0.0.6 25.00 290.06 315.06 OK
r-devel-linux-x86_64-fedora-clang 0.0.6 536.09 OK
r-devel-linux-x86_64-fedora-gcc 0.0.6 491.12 OK
r-devel-windows-ix86+x86_64 0.0.6 19.00 6.00 25.00 ERROR
r-patched-linux-x86_64 0.0.6 OK
r-release-linux-x86_64 0.0.6 28.81 362.40 391.21 OK
r-release-windows-ix86+x86_64 0.0.6 29.00 5.00 34.00 ERROR
r-release-osx-x86_64 0.0.6 ERROR
r-oldrel-windows-ix86+x86_64 0.0.6 27.00 6.00 33.00 ERROR
r-oldrel-osx-x86_64 0.0.6 ERROR

Check Details

Version: 0.0.6
Check: whether package can be installed
Result: ERROR
    Installation failed.
Flavors: r-devel-windows-ix86+x86_64, r-release-windows-ix86+x86_64, r-oldrel-windows-ix86+x86_64

Version: 0.0.6
Check: package dependencies
Result: ERROR
    Packages required but not available: 'Biobase', 'missMethyl', 'methylumi'
    
    See section ‘The DESCRIPTION file’ in the ‘Writing R Extensions’
    manual.
Flavor: r-release-osx-x86_64

Version: 0.0.6
Check: package dependencies
Result: ERROR
    Packages required but not available: ‘missMethyl’ ‘methylumi’
    
    See section ‘The DESCRIPTION file’ in the ‘Writing R Extensions’
    manual.
Flavor: r-oldrel-osx-x86_64