CRAN Package Check Results for Package diffMeshGP

Last updated on 2021-04-16 08:48:23 CEST.

Flavor Version Tinstall Tcheck Ttotal Status Flags
r-devel-linux-x86_64-debian-clang 0.1.0 1.89 21.32 23.21 NOTE
r-devel-linux-x86_64-debian-gcc 0.1.0 1.55 16.79 18.34 NOTE
r-devel-linux-x86_64-fedora-clang 0.1.0 38.12 NOTE
r-devel-linux-x86_64-fedora-gcc 0.1.0 27.74 NOTE
r-devel-windows-ix86+x86_64 0.1.0 4.00 38.00 42.00 NOTE
r-devel-windows-x86_64-gcc10-UCRT 0.1.0 NOTE
r-patched-linux-x86_64 0.1.0 1.94 20.63 22.57 OK
r-patched-solaris-x86 0.1.0 42.70 OK
r-release-linux-x86_64 0.1.0 1.95 20.72 22.67 OK
r-release-macos-x86_64 0.1.0 OK
r-release-windows-ix86+x86_64 0.1.0 4.00 26.00 30.00 OK
r-oldrel-macos-x86_64 0.1.0 OK
r-oldrel-windows-ix86+x86_64 0.1.0 5.00 41.00 46.00 OK

Check Details

Version: 0.1.0
Check: LazyData
Result: NOTE
     'LazyData' is specified without a 'data' directory
Flavors: r-devel-linux-x86_64-debian-clang, r-devel-linux-x86_64-debian-gcc, r-devel-linux-x86_64-fedora-clang, r-devel-linux-x86_64-fedora-gcc, r-devel-windows-ix86+x86_64, r-devel-windows-x86_64-gcc10-UCRT