Last updated on 2023-12-05 15:55:03 CET.
Flavor | Version | Tinstall | Tcheck | Ttotal | Status | Flags |
---|---|---|---|---|---|---|
r-devel-linux-x86_64-debian-clang | 1.0.4 | 4.32 | 68.06 | 72.38 | NOTE | |
r-devel-linux-x86_64-debian-gcc | 1.0.4 | 4.17 | 51.48 | 55.65 | NOTE | |
r-devel-linux-x86_64-fedora-clang | 1.0.4 | 94.13 | NOTE | |||
r-devel-linux-x86_64-fedora-gcc | 1.0.4 | 97.92 | NOTE | |||
r-devel-windows-x86_64 | 1.0.4 | 6.00 | 72.00 | 78.00 | NOTE | |
r-patched-linux-x86_64 | 1.0.4 | 5.86 | 64.41 | 70.27 | NOTE | |
r-release-linux-x86_64 | 1.0.4 | 5.04 | 63.51 | 68.55 | NOTE | |
r-release-macos-arm64 | 1.0.4 | 35.00 | NOTE | |||
r-release-macos-x86_64 | 1.0.4 | 58.00 | NOTE | |||
r-release-windows-x86_64 | 1.0.4 | 6.00 | 82.00 | 88.00 | NOTE | |
r-oldrel-macos-arm64 | 1.0.4 | 24.00 | NOTE | |||
r-oldrel-macos-x86_64 | 1.0.4 | 42.00 | NOTE | |||
r-oldrel-windows-x86_64 | 1.0.4 | 7.00 | 79.00 | 86.00 | NOTE |
Version: 1.0.4
Check: LazyData
Result: NOTE
'LazyData' is specified without a 'data' directory
Flavors: r-devel-linux-x86_64-debian-clang, r-devel-linux-x86_64-debian-gcc, r-devel-linux-x86_64-fedora-clang, r-devel-linux-x86_64-fedora-gcc, r-devel-windows-x86_64, r-patched-linux-x86_64, r-release-linux-x86_64, r-release-macos-arm64, r-release-macos-x86_64, r-release-windows-x86_64, r-oldrel-macos-arm64, r-oldrel-macos-x86_64, r-oldrel-windows-x86_64