CRAN Package Check Results for Package diffee

Last updated on 2024-06-12 21:49:42 CEST.

Flavor Version Tinstall Tcheck Ttotal Status Flags
r-devel-linux-x86_64-debian-clang 1.1.0 4.45 35.54 39.99 OK
r-devel-linux-x86_64-debian-gcc 1.1.0 0.43 1.67 2.10 ERROR
r-devel-linux-x86_64-fedora-clang 1.1.0 48.57 OK
r-devel-linux-x86_64-fedora-gcc 1.1.0 46.24 OK
r-devel-windows-x86_64 1.1.0 4.00 50.00 54.00 OK
r-patched-linux-x86_64 1.1.0 3.45 33.62 37.07 OK
r-release-linux-x86_64 1.1.0 3.42 34.54 37.96 OK
r-release-macos-arm64 1.1.0 20.00 OK
r-release-macos-x86_64 1.1.0 28.00 OK
r-release-windows-x86_64 1.1.0 5.00 52.00 57.00 OK
r-oldrel-macos-arm64 1.1.0 21.00 OK
r-oldrel-macos-x86_64 1.1.0 27.00 OK
r-oldrel-windows-x86_64 1.1.0 6.00 52.00 58.00 OK

Check Details

Version: 1.1.0
Check: package dependencies
Result: ERROR Package required but not available: ‘igraph’ See section ‘The DESCRIPTION file’ in the ‘Writing R Extensions’ manual. Flavor: r-devel-linux-x86_64-debian-gcc