Last updated on 2022-07-03 09:52:43 CEST.
Flavor | Version | Tinstall | Tcheck | Ttotal | Status | Flags |
---|---|---|---|---|---|---|
r-devel-linux-x86_64-debian-clang | 1.1.1 | 3.98 | 33.60 | 37.58 | OK | |
r-devel-linux-x86_64-debian-gcc | 1.1.1 | 2.78 | 26.79 | 29.57 | OK | |
r-devel-linux-x86_64-fedora-clang | 1.1.1 | 56.32 | NOTE | |||
r-devel-linux-x86_64-fedora-gcc | 1.1.1 | 56.06 | OK | |||
r-devel-windows-x86_64 | 1.1.1 | 16.00 | 74.00 | 90.00 | NOTE | |
r-patched-linux-x86_64 | 1.1.1 | 3.00 | 33.95 | 36.95 | OK | |
r-release-linux-x86_64 | 1.1.1 | 3.70 | 33.24 | 36.94 | OK | |
r-release-macos-arm64 | 1.1.1 | 40.00 | NOTE | |||
r-release-macos-x86_64 | 1.1.1 | 42.00 | NOTE | |||
r-release-windows-x86_64 | 1.1.1 | 13.00 | 79.00 | 92.00 | NOTE | |
r-oldrel-macos-arm64 | 1.1.1 | 23.00 | NOTE | |||
r-oldrel-macos-x86_64 | 1.1.1 | 30.00 | NOTE | |||
r-oldrel-windows-ix86+x86_64 | 1.1.1 | 9.00 | 60.00 | 69.00 | NOTE |
Version: 1.1.1
Check: installed package size
Result: NOTE
installed size is 10.9Mb
sub-directories of 1Mb or more:
doc 10.8Mb
Flavors: r-devel-linux-x86_64-fedora-clang, r-devel-windows-x86_64, r-release-macos-arm64, r-release-macos-x86_64, r-release-windows-x86_64, r-oldrel-macos-arm64, r-oldrel-macos-x86_64, r-oldrel-windows-ix86+x86_64