CRAN Package Check Results for Package diffeqr

Last updated on 2023-12-07 23:10:05 CET.

Flavor Version Tinstall Tcheck Ttotal Status Flags
r-devel-linux-x86_64-debian-clang 2.0.0 3.25 39.82 43.07 OK
r-devel-linux-x86_64-debian-gcc 2.0.0 2.79 30.97 33.76 OK
r-devel-linux-x86_64-fedora-clang 2.0.0 55.84 NOTE
r-devel-linux-x86_64-fedora-gcc 2.0.0 63.77 OK
r-devel-windows-x86_64 2.0.0 4.00 62.00 66.00 NOTE
r-patched-linux-x86_64 2.0.0 3.42 39.21 42.63 OK
r-release-linux-x86_64 2.0.0 2.85 38.32 41.17 OK
r-release-macos-arm64 2.0.0 36.00 NOTE
r-release-macos-x86_64 2.0.0 76.00 NOTE
r-release-windows-x86_64 2.0.0 5.00 65.00 70.00 NOTE
r-oldrel-macos-arm64 2.0.0 46.00 NOTE
r-oldrel-macos-x86_64 2.0.0 39.00 NOTE
r-oldrel-windows-x86_64 2.0.0 5.00 67.00 72.00 NOTE

Check Details

Version: 2.0.0
Check: installed package size
Result: NOTE installed size is 10.9Mb sub-directories of 1Mb or more: doc 10.8Mb Flavors: r-devel-linux-x86_64-fedora-clang, r-devel-windows-x86_64, r-release-macos-arm64, r-release-macos-x86_64, r-release-windows-x86_64, r-oldrel-macos-arm64, r-oldrel-macos-x86_64, r-oldrel-windows-x86_64