CRAN Package Check Results for Package diffpriv

Last updated on 2022-07-02 18:51:35 CEST.

Flavor Version Tinstall Tcheck Ttotal Status Flags
r-devel-linux-x86_64-debian-clang 0.4.2 4.19 70.09 74.28 NOTE
r-devel-linux-x86_64-debian-gcc 0.4.2 3.06 51.10 54.16 NOTE
r-devel-linux-x86_64-fedora-clang 0.4.2 101.05 NOTE
r-devel-linux-x86_64-fedora-gcc 0.4.2 103.17 NOTE
r-devel-windows-x86_64 0.4.2 49.00 131.00 180.00 NOTE
r-patched-linux-x86_64 0.4.2 5.28 66.42 71.70 NOTE
r-release-linux-x86_64 0.4.2 4.27 65.21 69.48 NOTE
r-release-macos-arm64 0.4.2 35.00 NOTE
r-release-macos-x86_64 0.4.2 46.00 NOTE
r-release-windows-x86_64 0.4.2 92.00 130.00 222.00 NOTE
r-oldrel-macos-arm64 0.4.2 45.00 NOTE
r-oldrel-macos-x86_64 0.4.2 75.00 NOTE
r-oldrel-windows-ix86+x86_64 0.4.2 12.00 103.00 115.00 NOTE

Check Details

Version: 0.4.2
Check: LazyData
Result: NOTE
     'LazyData' is specified without a 'data' directory
Flavors: r-devel-linux-x86_64-debian-clang, r-devel-linux-x86_64-debian-gcc, r-devel-linux-x86_64-fedora-clang, r-devel-linux-x86_64-fedora-gcc, r-devel-windows-x86_64, r-patched-linux-x86_64, r-release-linux-x86_64, r-release-macos-arm64, r-release-macos-x86_64, r-release-windows-x86_64, r-oldrel-macos-arm64, r-oldrel-macos-x86_64, r-oldrel-windows-ix86+x86_64