CRAN Package Check Results for Package digest

Last updated on 2021-09-23 16:50:22 CEST.

Flavor Version Tinstall Tcheck Ttotal Status Flags
r-devel-linux-x86_64-debian-clang 0.6.27 9.76 31.46 41.22 OK
r-devel-linux-x86_64-debian-gcc 0.6.27 6.44 24.65 31.09 OK
r-devel-linux-x86_64-fedora-clang 0.6.27 61.60 OK
r-devel-linux-x86_64-fedora-gcc 0.6.27 50.96 OK
r-devel-windows-x86_64 0.6.27 18.00 42.00 60.00 OK
r-devel-windows-x86_64-gcc10-UCRT 0.6.27 WARN
r-patched-linux-x86_64 0.6.27 8.72 29.86 38.58 OK
r-patched-solaris-x86 0.6.27 79.90 OK
r-release-linux-x86_64 0.6.27 8.77 30.26 39.03 OK
r-release-macos-arm64 0.6.27 OK
r-release-macos-x86_64 0.6.27 OK
r-release-windows-ix86+x86_64 0.6.27 42.00 47.00 89.00 OK
r-oldrel-macos-x86_64 0.6.27 OK
r-oldrel-windows-ix86+x86_64 0.6.27 43.00 47.00 90.00 OK

Check Details

Version: 0.6.27
Check: whether package can be installed
Result: WARN
    Found the following significant warnings:
     digest.c:207:25: warning: too many arguments for format [-Wformat-extra-args]
     digest.c:432:25: warning: too many arguments for format [-Wformat-extra-args]
Flavor: r-devel-windows-x86_64-gcc10-UCRT