CRAN Package Check Results for Package digest

Last updated on 2018-02-18 22:47:30 CET.

Flavor Version Tinstall Tcheck Ttotal Status Flags
r-devel-linux-x86_64-debian-clang 0.6.15 3.94 24.20 28.14 OK
r-devel-linux-x86_64-debian-gcc 0.6.15 3.14 18.82 21.96 OK
r-devel-linux-x86_64-fedora-clang 0.6.15 34.91 OK
r-devel-linux-x86_64-fedora-gcc 0.6.15 32.77 OK
r-devel-windows-ix86+x86_64 0.6.15 22.00 40.00 62.00 OK
r-patched-linux-x86_64 0.6.15 3.06 25.15 28.21 OK
r-patched-solaris-x86 0.6.15 49.20 OK
r-release-linux-x86_64 0.6.15 2.95 25.27 28.22 OK
r-release-windows-ix86+x86_64 0.6.15 27.00 55.00 82.00 OK
r-release-osx-x86_64 0.6.15 OK
r-oldrel-windows-ix86+x86_64 0.6.15 22.00 50.00 72.00 ERROR
r-oldrel-osx-x86_64 0.6.13 OK

Additional issues

clang-UBSAN gcc-UBSAN

Check Details

Version: 0.6.15
Check: running tests for arch ‘i386’
Result: ERROR
     Running 'AESTest.R' [0s]
     Comparing 'AESTest.Rout' to 'AESTest.Rout.save' ... OK
     Running 'digestTest.R' [0s]
     Comparing 'digestTest.Rout' to 'digestTest.Rout.save' ... OK
     Running 'hmacTest.R' [0s]
     Comparing 'hmacTest.Rout' to 'hmacTest.Rout.save' ... OK
     Running 'load-unload.R' [0s]
     Running 'num2hexTest.R' [0s]
     Running 'sha1Test.R' [1s]
    Running the tests in 'tests/sha1Test.R' failed.
    Last 13 lines of output:
     + sha1(matrix(integer(0))),
     + sha1(matrix(numeric(0)))
     + )
     + )
     >
     > if (getRversion() < "3.5.0") {
     + stopifnot(
     + identical(
     + sha1(serialize("e13485e1b995f3e36d43674dcbfedea08ce237bc", NULL)),
     + "93ab6a61f1a2ad50d4bf58396dc38cd3821b2eaf"
     + )
     + )
     + }
     Error: identical(sha1(serialize("e13485e1b995f3e36d43674dcbfedea08ce237bc", .... is not TRUE
     Execution halted
Flavor: r-oldrel-windows-ix86+x86_64

Version: 0.6.15
Check: running tests for arch ‘x64’
Result: ERROR
     Running 'AESTest.R' [0s]
     Comparing 'AESTest.Rout' to 'AESTest.Rout.save' ... OK
     Running 'digestTest.R' [1s]
     Comparing 'digestTest.Rout' to 'digestTest.Rout.save' ... OK
     Running 'hmacTest.R' [0s]
     Comparing 'hmacTest.Rout' to 'hmacTest.Rout.save' ... OK
     Running 'load-unload.R' [0s]
     Running 'num2hexTest.R' [0s]
     Running 'sha1Test.R' [1s]
    Running the tests in 'tests/sha1Test.R' failed.
    Last 13 lines of output:
     + sha1(matrix(integer(0))),
     + sha1(matrix(numeric(0)))
     + )
     + )
     >
     > if (getRversion() < "3.5.0") {
     + stopifnot(
     + identical(
     + sha1(serialize("e13485e1b995f3e36d43674dcbfedea08ce237bc", NULL)),
     + "93ab6a61f1a2ad50d4bf58396dc38cd3821b2eaf"
     + )
     + )
     + }
     Error: identical(sha1(serialize("e13485e1b995f3e36d43674dcbfedea08ce237bc", .... is not TRUE
     Execution halted
Flavor: r-oldrel-windows-ix86+x86_64