Last updated on 2023-03-21 14:50:09 CET.
Flavor | Version | Tinstall | Tcheck | Ttotal | Status | Flags |
---|---|---|---|---|---|---|
r-devel-linux-x86_64-debian-clang | 0.6.31 | 9.61 | 30.52 | 40.13 | NOTE | |
r-devel-linux-x86_64-debian-gcc | 0.6.31 | 8.34 | 24.25 | 32.59 | NOTE | |
r-devel-linux-x86_64-fedora-clang | 0.6.31 | 56.18 | NOTE | |||
r-devel-linux-x86_64-fedora-gcc | 0.6.31 | 65.15 | NOTE | |||
r-devel-windows-x86_64 | 0.6.31 | 93.00 | 64.00 | 157.00 | NOTE | |
r-patched-linux-x86_64 | 0.6.31 | 8.69 | 31.79 | 40.48 | OK | |
r-release-linux-x86_64 | 0.6.31 | 8.49 | 30.86 | 39.35 | OK | |
r-release-macos-arm64 | 0.6.31 | 33.00 | OK | |||
r-release-macos-x86_64 | 0.6.31 | 50.00 | OK | |||
r-release-windows-x86_64 | 0.6.31 | 232.00 | 69.00 | 301.00 | OK | |
r-oldrel-macos-arm64 | 0.6.31 | 37.00 | OK | |||
r-oldrel-macos-x86_64 | 0.6.31 | 54.00 | OK | |||
r-oldrel-windows-ix86+x86_64 | 0.6.31 | 40.00 | 69.00 | 109.00 | OK |
Version: 0.6.31
Check: C++ specification
Result: NOTE
Specified C++11: please drop specification unless essential
Flavors: r-devel-linux-x86_64-debian-clang, r-devel-linux-x86_64-debian-gcc, r-devel-linux-x86_64-fedora-clang, r-devel-linux-x86_64-fedora-gcc, r-devel-windows-x86_64