Last updated on 2023-03-29 01:51:27 CEST.
Flavor | Version | Tinstall | Tcheck | Ttotal | Status | Flags |
---|---|---|---|---|---|---|
r-devel-linux-x86_64-debian-clang | 0.3.0 | 8.14 | 89.55 | 97.69 | WARN | |
r-devel-linux-x86_64-debian-gcc | 0.3.0 | 6.04 | 67.87 | 73.91 | WARN | |
r-devel-linux-x86_64-fedora-clang | 0.3.0 | 127.20 | WARN | |||
r-devel-linux-x86_64-fedora-gcc | 0.3.0 | 118.54 | WARN | |||
r-devel-windows-x86_64 | 0.3.0 | 105.00 | 123.00 | 228.00 | WARN | |
r-patched-linux-x86_64 | 0.3.0 | 7.02 | 85.16 | 92.18 | WARN | |
r-release-linux-x86_64 | 0.3.0 | 8.48 | 83.38 | 91.86 | OK | |
r-release-macos-arm64 | 0.3.0 | 34.00 | OK | |||
r-release-macos-x86_64 | 0.3.0 | 48.00 | OK | |||
r-release-windows-x86_64 | 0.3.0 | 15.00 | 119.00 | 134.00 | OK | |
r-oldrel-macos-arm64 | 0.3.0 | 35.00 | OK | |||
r-oldrel-macos-x86_64 | 0.3.0 | 49.00 | OK | |||
r-oldrel-windows-ix86+x86_64 | 0.3.0 | 21.00 | 118.00 | 139.00 | OK |
Version: 0.3.0
Check: S3 generic/method consistency
Result: WARN
colnames:
function(x, do.NULL, prefix)
colnames.MultivariateAnalysis:
function(x)
rownames:
function(x, do.NULL, prefix)
rownames.MultivariateAnalysis:
function(x)
colnames:
function(x, do.NULL, prefix)
colnames.MultivariateAnalysis:
function(x)
rownames:
function(x, do.NULL, prefix)
rownames.MultivariateAnalysis:
function(x)
See section ‘Generic functions and methods’ in the ‘Writing R
Extensions’ manual.
Flavors: r-devel-linux-x86_64-debian-clang, r-devel-linux-x86_64-debian-gcc, r-devel-linux-x86_64-fedora-clang, r-devel-linux-x86_64-fedora-gcc, r-devel-windows-x86_64, r-patched-linux-x86_64