Last updated on 2023-10-02 23:15:48 CEST.
Flavor | Version | Tinstall | Tcheck | Ttotal | Status | Flags |
---|---|---|---|---|---|---|
r-devel-linux-x86_64-debian-clang | 0.4.0 | 10.10 | 88.73 | 98.83 | OK | |
r-devel-linux-x86_64-debian-gcc | 0.4.0 | 7.10 | 65.58 | 72.68 | OK | |
r-devel-linux-x86_64-fedora-clang | 0.4.0 | 124.79 | NOTE | |||
r-devel-linux-x86_64-fedora-gcc | 0.4.0 | 126.47 | OK | |||
r-devel-windows-x86_64 | 0.4.0 | 11.00 | 88.00 | 99.00 | OK | |
r-patched-linux-x86_64 | 0.4.0 | 9.21 | 83.85 | 93.06 | OK | |
r-release-linux-x86_64 | 0.4.0 | 8.80 | 83.82 | 92.62 | OK | |
r-release-macos-arm64 | 0.4.0 | 44.00 | OK | |||
r-release-macos-x86_64 | 0.4.0 | 99.00 | OK | |||
r-release-windows-x86_64 | 0.4.0 | 14.00 | 100.00 | 114.00 | OK | |
r-oldrel-macos-arm64 | 0.4.0 | 54.00 | OK | |||
r-oldrel-macos-x86_64 | 0.4.0 | 73.00 | OK | |||
r-oldrel-windows-x86_64 | 0.4.0 | 15.00 | 101.00 | 116.00 | OK |
Version: 0.4.0
Check: Rd cross-references
Result: NOTE
Undeclared package ‘wordcloud’ in Rd xrefs
Flavor: r-devel-linux-x86_64-fedora-clang