CRAN Package Check Results for Package dina

Last updated on 2024-07-13 05:49:11 CEST.

Flavor Version Tinstall Tcheck Ttotal Status Flags
r-devel-linux-x86_64-debian-clang 2.0.0 39.32 30.32 69.64 NOTE
r-devel-linux-x86_64-debian-gcc 2.0.0 24.38 23.43 47.81 NOTE
r-devel-linux-x86_64-fedora-clang 2.0.0 92.64 NOTE
r-devel-linux-x86_64-fedora-gcc 2.0.0 93.92 NOTE
r-devel-windows-x86_64 2.0.0 29.00 63.00 92.00 NOTE
r-patched-linux-x86_64 2.0.0 32.19 29.22 61.41 NOTE
r-release-linux-x86_64 2.0.0 30.97 29.27 60.24 NOTE
r-release-macos-arm64 2.0.0 26.00 NOTE
r-release-macos-x86_64 2.0.0 34.00 NOTE
r-release-windows-x86_64 2.0.0 29.00 62.00 91.00 NOTE
r-oldrel-macos-arm64 2.0.0 30.00 NOTE
r-oldrel-macos-x86_64 2.0.0 42.00 NOTE
r-oldrel-windows-x86_64 2.0.0 35.00 70.00 105.00 NOTE

Check Details

Version: 2.0.0
Check: C++ specification
Result: NOTE Specified C++11: please drop specification unless essential Flavors: r-devel-linux-x86_64-debian-clang, r-devel-linux-x86_64-debian-gcc, r-devel-linux-x86_64-fedora-clang, r-devel-linux-x86_64-fedora-gcc, r-devel-windows-x86_64, r-patched-linux-x86_64, r-release-linux-x86_64, r-release-macos-arm64, r-release-macos-x86_64, r-release-windows-x86_64, r-oldrel-macos-arm64, r-oldrel-macos-x86_64, r-oldrel-windows-x86_64