Last updated on 2023-12-04 21:56:08 CET.
Flavor | Version | Tinstall | Tcheck | Ttotal | Status | Flags |
---|---|---|---|---|---|---|
r-devel-linux-x86_64-debian-clang | 2.0.0 | 31.63 | 28.89 | 60.52 | NOTE | |
r-devel-linux-x86_64-debian-gcc | 2.0.0 | 24.04 | 22.79 | 46.83 | NOTE | |
r-devel-linux-x86_64-fedora-clang | 2.0.0 | 99.46 | NOTE | |||
r-devel-linux-x86_64-fedora-gcc | 2.0.0 | 93.16 | NOTE | |||
r-devel-windows-x86_64 | 2.0.0 | 29.00 | 61.00 | 90.00 | NOTE | |
r-patched-linux-x86_64 | 2.0.0 | 29.78 | 28.61 | 58.39 | NOTE | |
r-release-linux-x86_64 | 2.0.0 | 30.19 | 28.58 | 58.77 | NOTE | |
r-release-macos-arm64 | 2.0.0 | 30.00 | NOTE | |||
r-release-macos-x86_64 | 2.0.0 | 42.00 | NOTE | |||
r-release-windows-x86_64 | 2.0.0 | 36.00 | 68.00 | 104.00 | NOTE | |
r-oldrel-macos-arm64 | 2.0.0 | 31.00 | OK | |||
r-oldrel-macos-x86_64 | 2.0.0 | 36.00 | OK | |||
r-oldrel-windows-x86_64 | 2.0.0 | 34.00 | 69.00 | 103.00 | OK |
Version: 2.0.0
Check: C++ specification
Result: NOTE
Specified C++11: please drop specification unless essential
Flavors: r-devel-linux-x86_64-debian-clang, r-devel-linux-x86_64-debian-gcc, r-devel-linux-x86_64-fedora-clang, r-devel-linux-x86_64-fedora-gcc, r-devel-windows-x86_64, r-patched-linux-x86_64, r-release-linux-x86_64, r-release-macos-arm64, r-release-macos-x86_64, r-release-windows-x86_64