Last updated on 2023-11-30 17:50:04 CET.
Flavor | Version | Tinstall | Tcheck | Ttotal | Status | Flags |
---|---|---|---|---|---|---|
r-devel-linux-x86_64-debian-clang | 0.2.8 | 80.58 | 94.42 | 175.00 | NOTE | |
r-devel-linux-x86_64-debian-gcc | 0.2.8 | 60.96 | 71.27 | 132.23 | NOTE | |
r-devel-linux-x86_64-fedora-clang | 0.2.8 | 268.86 | OK | |||
r-devel-linux-x86_64-fedora-gcc | 0.2.8 | 254.42 | OK | |||
r-devel-windows-x86_64 | 0.2.8 | 74.00 | 132.00 | 206.00 | OK | |
r-patched-linux-x86_64 | 0.2.8 | 62.14 | 90.38 | 152.52 | OK | |
r-release-linux-x86_64 | 0.2.8 | 69.75 | 91.40 | 161.15 | OK | |
r-release-macos-arm64 | 0.2.8 | 66.00 | OK | |||
r-release-macos-x86_64 | 0.2.8 | 123.00 | OK | |||
r-release-windows-x86_64 | 0.2.8 | 97.00 | 151.00 | 248.00 | OK | |
r-oldrel-macos-arm64 | 0.2.8 | 62.00 | OK | |||
r-oldrel-macos-x86_64 | 0.2.8 | 96.00 | OK | |||
r-oldrel-windows-x86_64 | 0.2.8 | 88.00 | 136.00 | 224.00 | OK |
Version: 0.2.8
Check: Rd files
Result: NOTE
checkRd: (-1) restart_session.Rd:11: Lost braces
11 | 'RStudio', use \code{startup}{restart} instead.
| ^
Flavors: r-devel-linux-x86_64-debian-clang, r-devel-linux-x86_64-debian-gcc