CRAN Package Check Results for Package dirmult

Last updated on 2020-08-05 06:47:18 CEST.

Flavor Version Tinstall Tcheck Ttotal Status Flags
r-devel-linux-x86_64-debian-clang 0.1.3-4 2.91 25.87 28.78 NOTE
r-devel-linux-x86_64-debian-gcc 0.1.3-4 2.25 19.78 22.03 NOTE
r-devel-linux-x86_64-fedora-clang 0.1.3-4 43.28 NOTE
r-devel-linux-x86_64-fedora-gcc 0.1.3-4 33.53 NOTE
r-devel-windows-ix86+x86_64 0.1.3-4 7.00 36.00 43.00 NOTE
r-patched-linux-x86_64 0.1.3-4 2.98 25.97 28.95 NOTE
r-patched-solaris-x86 0.1.3-4 51.20 NOTE
r-release-linux-x86_64 0.1.3-4 2.69 25.42 28.11 NOTE
r-release-macos-x86_64 0.1.3-4 NOTE
r-release-windows-ix86+x86_64 0.1.3-4 6.00 35.00 41.00 NOTE
r-oldrel-macos-x86_64 0.1.3-4 NOTE
r-oldrel-windows-ix86+x86_64 0.1.3-4 5.00 47.00 52.00 NOTE

Check Details

Version: 0.1.3-4
Check: DESCRIPTION meta-information
Result: NOTE
    Malformed Title field: should not end in a period.
Flavors: r-devel-linux-x86_64-debian-clang, r-devel-linux-x86_64-debian-gcc, r-devel-linux-x86_64-fedora-clang, r-devel-linux-x86_64-fedora-gcc, r-devel-windows-ix86+x86_64, r-patched-linux-x86_64, r-patched-solaris-x86, r-release-linux-x86_64, r-release-macos-x86_64, r-release-windows-ix86+x86_64, r-oldrel-macos-x86_64, r-oldrel-windows-ix86+x86_64

Version: 0.1.3-4
Check: top-level files
Result: NOTE
    Non-standard file/directory found at top level:
     'dirmult.pdf'
Flavors: r-devel-linux-x86_64-debian-clang, r-devel-linux-x86_64-debian-gcc, r-devel-linux-x86_64-fedora-clang, r-devel-linux-x86_64-fedora-gcc, r-patched-linux-x86_64, r-release-linux-x86_64

Version: 0.1.3-4
Check: R code for possible problems
Result: NOTE
    nullTest: no visible global function definition for 'rmultinom'
    rdirichlet: no visible global function definition for 'rgamma'
    simPop: no visible global function definition for 'rnorm'
    simPop: no visible global function definition for 'rmultinom'
    Undefined global functions or variables:
     rgamma rmultinom rnorm
    Consider adding
     importFrom("stats", "rgamma", "rmultinom", "rnorm")
    to your NAMESPACE file.
Flavors: r-devel-linux-x86_64-debian-clang, r-devel-linux-x86_64-debian-gcc, r-devel-linux-x86_64-fedora-clang, r-devel-linux-x86_64-fedora-gcc, r-devel-windows-ix86+x86_64, r-patched-linux-x86_64, r-patched-solaris-x86, r-release-linux-x86_64, r-release-macos-x86_64, r-release-windows-ix86+x86_64, r-oldrel-macos-x86_64, r-oldrel-windows-ix86+x86_64