Last updated on 2021-04-23 09:50:25 CEST.
Flavor | Version | Tinstall | Tcheck | Ttotal | Status | Flags |
---|---|---|---|---|---|---|
r-devel-linux-x86_64-debian-clang | 0.1.3 | 101.95 | 107.42 | 209.37 | NOTE | |
r-devel-linux-x86_64-debian-gcc | 0.1.3 | 78.58 | 81.09 | 159.67 | NOTE | |
r-devel-linux-x86_64-fedora-clang | 0.1.3 | 526.64 | NOTE | |||
r-devel-linux-x86_64-fedora-gcc | 0.1.3 | 508.07 | NOTE | |||
r-devel-windows-ix86+x86_64 | 0.1.3 | 173.00 | 278.00 | 451.00 | NOTE | |
r-devel-windows-x86_64-gcc10-UCRT | 0.1.3 | NOTE | ||||
r-patched-linux-x86_64 | 0.1.3 | 84.23 | 104.74 | 188.97 | NOTE | |
r-patched-solaris-x86 | 0.1.3 | 365.70 | NOTE | |||
r-release-linux-x86_64 | 0.1.3 | 81.75 | 104.00 | 185.75 | NOTE | |
r-release-macos-x86_64 | 0.1.3 | NOTE | ||||
r-release-windows-ix86+x86_64 | 0.1.3 | 155.00 | 227.00 | 382.00 | NOTE | |
r-oldrel-macos-x86_64 | 0.1.3 | NOTE | ||||
r-oldrel-windows-ix86+x86_64 | 0.1.3 | 149.00 | 497.00 | 646.00 | NOTE |
Version: 0.1.3
Check: package dependencies
Result: NOTE
Package suggested but not available for checking: 'INLA'
Flavors: r-devel-linux-x86_64-debian-clang, r-devel-linux-x86_64-debian-gcc, r-devel-windows-x86_64-gcc10-UCRT, r-patched-linux-x86_64, r-patched-solaris-x86, r-release-linux-x86_64, r-release-macos-x86_64, r-oldrel-macos-x86_64
Version: 0.1.3
Check: LazyData
Result: NOTE
'LazyData' is specified without a 'data' directory
Flavors: r-devel-linux-x86_64-debian-clang, r-devel-linux-x86_64-debian-gcc, r-devel-linux-x86_64-fedora-clang, r-devel-linux-x86_64-fedora-gcc, r-devel-windows-ix86+x86_64, r-devel-windows-x86_64-gcc10-UCRT, r-patched-linux-x86_64
Version: 0.1.3
Check: installed package size
Result: NOTE
installed size is 19.7Mb
sub-directories of 1Mb or more:
libs 19.4Mb
Flavors: r-devel-linux-x86_64-fedora-clang, r-devel-windows-ix86+x86_64, r-release-macos-x86_64, r-release-windows-ix86+x86_64, r-oldrel-macos-x86_64, r-oldrel-windows-ix86+x86_64
Version: 0.1.3
Check: dependencies in R code
Result: NOTE
Namespaces in Imports field not imported from:
‘rgdal’ ‘rgeos’ ‘splancs’ ‘utils’
All declared Imports should be used.
Flavors: r-devel-linux-x86_64-fedora-clang, r-devel-linux-x86_64-fedora-gcc, r-devel-windows-x86_64-gcc10-UCRT, r-patched-solaris-x86, r-release-macos-x86_64, r-oldrel-macos-x86_64