CRAN Package Check Results for Package disastr.api

Last updated on 2022-01-26 15:52:46 CET.

Flavor Version Tinstall Tcheck Ttotal Status Flags
r-devel-linux-x86_64-debian-clang 1.0.5 2.15 33.36 35.51 NOTE
r-devel-linux-x86_64-debian-gcc 1.0.5 1.64 26.00 27.64 NOTE
r-devel-linux-x86_64-fedora-clang 1.0.5 43.15 NOTE
r-devel-linux-x86_64-fedora-gcc 1.0.5 32.60 NOTE
r-devel-windows-x86_64-new-UL 1.0.5 28.00 50.00 78.00 NOTE
r-devel-windows-x86_64-new-TK 1.0.5 NOTE
r-patched-linux-x86_64 1.0.5 2.08 31.60 33.68 NOTE
r-release-linux-x86_64 1.0.5 1.79 31.43 33.22 NOTE
r-release-macos-arm64 1.0.5 NOTE
r-release-macos-x86_64 1.0.5 NOTE
r-release-windows-ix86+x86_64 1.0.5 7.00 41.00 48.00 NOTE
r-oldrel-macos-x86_64 1.0.5 OK
r-oldrel-windows-ix86+x86_64 1.0.5 6.00 41.00 47.00 OK

Check Details

Version: 1.0.5
Check: LazyData
Result: NOTE
     'LazyData' is specified without a 'data' directory
Flavors: r-devel-linux-x86_64-debian-clang, r-devel-linux-x86_64-debian-gcc, r-devel-linux-x86_64-fedora-clang, r-devel-linux-x86_64-fedora-gcc, r-devel-windows-x86_64-new-UL, r-devel-windows-x86_64-new-TK, r-patched-linux-x86_64, r-release-linux-x86_64, r-release-macos-arm64, r-release-macos-x86_64, r-release-windows-ix86+x86_64