CRAN Package Check Results for Package discgolf

Last updated on 2021-10-16 15:50:42 CEST.

Flavor Version Tinstall Tcheck Ttotal Status Flags
r-devel-linux-x86_64-debian-clang 0.2.0 2.64 25.94 28.58 NOTE
r-devel-linux-x86_64-debian-gcc 0.2.0 1.83 20.78 22.61 NOTE
r-devel-linux-x86_64-fedora-clang 0.2.0 45.52 NOTE
r-devel-linux-x86_64-fedora-gcc 0.2.0 34.40 NOTE
r-devel-windows-x86_64 0.2.0 4.00 34.00 38.00 NOTE
r-devel-windows-x86_64-gcc10-UCRT 0.2.0 NOTE
r-patched-linux-x86_64 0.2.0 2.68 25.60 28.28 NOTE
r-patched-solaris-x86 0.2.0 54.30 NOTE
r-release-linux-x86_64 0.2.0 2.20 25.53 27.73 NOTE
r-release-macos-arm64 0.2.0 NOTE
r-release-macos-x86_64 0.2.0 NOTE
r-release-windows-ix86+x86_64 0.2.0 6.00 44.00 50.00 NOTE
r-oldrel-macos-x86_64 0.2.0 OK
r-oldrel-windows-ix86+x86_64 0.2.0 7.00 43.00 50.00 OK

Check Details

Version: 0.2.0
Check: LazyData
Result: NOTE
     'LazyData' is specified without a 'data' directory
Flavors: r-devel-linux-x86_64-debian-clang, r-devel-linux-x86_64-debian-gcc, r-devel-linux-x86_64-fedora-clang, r-devel-linux-x86_64-fedora-gcc, r-devel-windows-x86_64, r-devel-windows-x86_64-gcc10-UCRT, r-patched-linux-x86_64, r-patched-solaris-x86, r-release-linux-x86_64, r-release-macos-arm64, r-release-macos-x86_64, r-release-windows-ix86+x86_64