CRAN Package Check Results for Package discourseGT

Last updated on 2021-09-24 10:50:01 CEST.

Flavor Version Tinstall Tcheck Ttotal Status Flags
r-devel-linux-x86_64-debian-clang 1.1.6 3.53 42.07 45.60 OK
r-devel-linux-x86_64-debian-gcc 1.1.6 2.74 32.63 35.37 OK
r-devel-linux-x86_64-fedora-clang 1.1.6 62.27 NOTE
r-devel-linux-x86_64-fedora-gcc 1.1.6 51.50 NOTE
r-devel-windows-x86_64 1.1.6 4.00 55.00 59.00 OK
r-devel-windows-x86_64-gcc10-UCRT 1.1.6 NOTE
r-patched-linux-x86_64 1.1.6 3.41 31.85 35.26 OK
r-patched-solaris-x86 1.1.6 62.20 NOTE
r-release-linux-x86_64 1.1.6 2.98 32.13 35.11 OK
r-release-macos-arm64 1.1.6 NOTE
r-release-macos-x86_64 1.1.6 NOTE
r-release-windows-ix86+x86_64 1.1.6 9.00 42.00 51.00 OK
r-oldrel-macos-x86_64 1.1.6 NOTE
r-oldrel-windows-ix86+x86_64 1.1.6 6.00 40.00 46.00 OK

Check Details

Version: 1.1.6
Check: dependencies in R code
Result: NOTE
    Namespaces in Imports field not imported from:
     ‘BiocManager’ ‘ggpubr’ ‘sna’
     All declared Imports should be used.
Flavors: r-devel-linux-x86_64-fedora-clang, r-devel-linux-x86_64-fedora-gcc, r-devel-windows-x86_64-gcc10-UCRT, r-patched-solaris-x86, r-release-macos-arm64, r-release-macos-x86_64, r-oldrel-macos-x86_64