CRAN Package Check Results for Package discreteRV

Last updated on 2024-02-27 12:50:35 CET.

Flavor Version Tinstall Tcheck Ttotal Status Flags
r-devel-linux-x86_64-debian-clang 1.2.2 4.03 35.01 39.04 NOTE
r-devel-linux-x86_64-debian-gcc 1.2.2 3.02 26.88 29.90 NOTE
r-devel-linux-x86_64-fedora-clang 1.2.2 49.01 NOTE
r-devel-linux-x86_64-fedora-gcc 1.2.2 91.75 NOTE
r-devel-windows-x86_64 1.2.2 4.00 52.00 56.00 NOTE
r-patched-linux-x86_64 1.2.2 3.16 34.51 37.67 NOTE
r-release-linux-x86_64 1.2.2 2.63 34.87 37.50 NOTE
r-release-macos-arm64 1.2.2 32.00 NOTE
r-release-macos-x86_64 1.2.2 50.00 NOTE
r-release-windows-x86_64 1.2.2 5.00 54.00 59.00 NOTE
r-oldrel-macos-arm64 1.2.2 27.00 NOTE
r-oldrel-windows-x86_64 1.2.2 5.00 55.00 60.00 NOTE

Check Details

Version: 1.2.2
Check: Rd metadata
Result: NOTE Invalid package aliases in Rd file 'RV.Rd': ‘RV-package’ Flavors: r-devel-linux-x86_64-debian-clang, r-devel-linux-x86_64-debian-gcc, r-devel-linux-x86_64-fedora-clang, r-devel-linux-x86_64-fedora-gcc, r-devel-windows-x86_64

Version: 1.2.2
Check: LazyData
Result: NOTE 'LazyData' is specified without a 'data' directory Flavors: r-devel-linux-x86_64-debian-clang, r-devel-linux-x86_64-debian-gcc, r-devel-linux-x86_64-fedora-clang, r-devel-linux-x86_64-fedora-gcc, r-devel-windows-x86_64, r-patched-linux-x86_64, r-release-linux-x86_64, r-release-macos-arm64, r-release-macos-x86_64, r-release-windows-x86_64, r-oldrel-macos-arm64, r-oldrel-windows-x86_64