CRAN Package Check Results for Package discretecdAlgorithm

Last updated on 2020-01-25 17:47:29 CET.

Flavor Version Tinstall Tcheck Ttotal Status Flags
r-devel-linux-x86_64-debian-clang 0.0.6 69.72 39.22 108.94 OK
r-devel-linux-x86_64-debian-gcc 0.0.6 42.54 30.97 73.51 OK
r-devel-linux-x86_64-fedora-clang 0.0.6 151.73 NOTE
r-devel-linux-x86_64-fedora-gcc 0.0.6 132.36 OK
r-devel-windows-ix86+x86_64 0.0.6 132.00 110.00 242.00 OK
r-devel-windows-ix86+x86_64-gcc8 0.0.6 145.00 89.00 234.00 OK
r-patched-linux-x86_64 0.0.6 49.51 37.65 87.16 OK
r-patched-solaris-x86 0.0.6 130.60 OK
r-release-linux-x86_64 0.0.6 50.44 36.83 87.27 OK
r-release-windows-ix86+x86_64 0.0.6 101.00 107.00 208.00 OK
r-release-osx-x86_64 0.0.6 NOTE
r-oldrel-windows-ix86+x86_64 0.0.6 92.00 73.00 165.00 OK
r-oldrel-osx-x86_64 0.0.6 NOTE

Check Details

Version: 0.0.6
Check: installed package size
Result: NOTE
     installed size is 9.8Mb
     sub-directories of 1Mb or more:
     libs 9.7Mb
Flavors: r-devel-linux-x86_64-fedora-clang, r-release-osx-x86_64, r-oldrel-osx-x86_64