CRAN Package Check Results for Package discretecdAlgorithm

Last updated on 2020-08-10 04:47:26 CEST.

Flavor Version Tinstall Tcheck Ttotal Status Flags
r-devel-linux-x86_64-debian-clang 0.0.7 77.76 40.76 118.52 OK
r-devel-linux-x86_64-debian-gcc 0.0.7 52.39 31.84 84.23 OK
r-devel-linux-x86_64-fedora-clang 0.0.7 166.55 NOTE
r-devel-linux-x86_64-fedora-gcc 0.0.7 136.30 OK
r-devel-windows-ix86+x86_64 0.0.7 142.00 119.00 261.00 OK
r-patched-linux-x86_64 0.0.7 52.03 40.01 92.04 OK
r-patched-solaris-x86 0.0.7 125.80 OK
r-release-linux-x86_64 0.0.7 51.57 39.62 91.19 OK
r-release-macos-x86_64 0.0.7 NOTE
r-release-windows-ix86+x86_64 0.0.7 146.00 113.00 259.00 OK
r-oldrel-macos-x86_64 0.0.7 NOTE
r-oldrel-windows-ix86+x86_64 0.0.7 87.00 103.00 190.00 OK

Check Details

Version: 0.0.7
Check: installed package size
Result: NOTE
     installed size is 10.3Mb
     sub-directories of 1Mb or more:
     libs 10.2Mb
Flavors: r-devel-linux-x86_64-fedora-clang, r-release-macos-x86_64, r-oldrel-macos-x86_64