CRAN Package Check Results for Package diseasemapping

Last updated on 2020-04-04 00:50:03 CEST.

Flavor Version Tinstall Tcheck Ttotal Status Flags
r-devel-linux-x86_64-debian-clang 1.4.6 5.78 86.45 92.23 NOTE
r-devel-linux-x86_64-debian-gcc 1.4.6 4.55 67.24 71.79 NOTE
r-devel-linux-x86_64-fedora-clang 1.4.6 111.53 OK
r-devel-linux-x86_64-fedora-gcc 1.4.6 143.96 OK
r-devel-windows-ix86+x86_64 1.4.6 13.00 95.00 108.00 OK
r-devel-windows-ix86+x86_64-gcc8 1.4.6 13.00 100.00 113.00 OK
r-patched-linux-x86_64 1.4.6 5.09 83.02 88.11 NOTE
r-patched-solaris-x86 1.4.6 171.80 NOTE
r-release-linux-x86_64 1.4.6 5.27 76.28 81.55 NOTE
r-release-windows-ix86+x86_64 1.4.6 11.00 100.00 111.00 OK
r-release-osx-x86_64 1.4.6 NOTE
r-oldrel-windows-ix86+x86_64 1.4.6 11.00 93.00 104.00 OK
r-oldrel-osx-x86_64 1.4.6 NOTE

Check Details

Version: 1.4.6
Check: package dependencies
Result: NOTE
    Package which this enhances but not available for checking: 'INLA'
Flavors: r-devel-linux-x86_64-debian-clang, r-devel-linux-x86_64-debian-gcc, r-patched-linux-x86_64, r-patched-solaris-x86, r-release-linux-x86_64, r-release-osx-x86_64, r-oldrel-osx-x86_64