Last updated on 2022-07-01 06:51:27 CEST.
Flavor | Version | Tinstall | Tcheck | Ttotal | Status | Flags |
---|---|---|---|---|---|---|
r-devel-linux-x86_64-debian-clang | 1.6.9 | 20.72 | 208.31 | 229.03 | OK | |
r-devel-linux-x86_64-debian-gcc | 1.6.9 | 18.87 | 153.64 | 172.51 | OK | |
r-devel-linux-x86_64-fedora-clang | 1.6.9 | 279.52 | NOTE | |||
r-devel-linux-x86_64-fedora-gcc | 1.6.9 | 282.49 | OK | |||
r-devel-windows-x86_64 | 1.6.9 | 122.00 | 245.00 | 367.00 | OK | |
r-patched-linux-x86_64 | 1.6.9 | 24.69 | 200.93 | 225.62 | OK | |
r-release-linux-x86_64 | 1.6.9 | 26.22 | 200.32 | 226.54 | OK | |
r-release-macos-arm64 | 1.6.9 | 84.00 | OK | |||
r-release-macos-x86_64 | 1.6.9 | 100.00 | OK | |||
r-release-windows-x86_64 | 1.6.9 | 145.00 | 243.00 | 388.00 | OK | |
r-oldrel-macos-arm64 | 1.6.9 | 67.00 | OK | |||
r-oldrel-macos-x86_64 | 1.6.9 | 106.00 | OK | |||
r-oldrel-windows-ix86+x86_64 | 1.6.9 | 49.00 | 334.00 | 383.00 | OK |
Version: 1.6.9
Check: Rd cross-references
Result: NOTE
Undeclared package ‘geomorph’ in Rd xrefs
Flavor: r-devel-linux-x86_64-fedora-clang