CRAN Package Check Results for Package disposables

Last updated on 2021-07-28 20:49:55 CEST.

Flavor Version Tinstall Tcheck Ttotal Status Flags
r-devel-linux-x86_64-debian-clang 1.0.3 NOTE
r-devel-linux-x86_64-debian-gcc 1.0.3 1.44 19.93 21.37 NOTE
r-devel-linux-x86_64-fedora-clang 1.0.3 43.28 NOTE
r-devel-linux-x86_64-fedora-gcc 1.0.3 31.79 NOTE
r-devel-windows-x86_64 1.0.3 5.00 43.00 48.00 NOTE
r-devel-windows-x86_64-gcc10-UCRT 1.0.3 NOTE
r-patched-linux-x86_64 1.0.3 1.96 24.13 26.09 NOTE
r-patched-solaris-x86 1.0.3 51.80 NOTE
r-release-linux-x86_64 1.0.3 1.53 24.03 25.56 NOTE
r-release-macos-arm64 1.0.3 NOTE
r-release-macos-x86_64 1.0.3 NOTE
r-release-windows-ix86+x86_64 1.0.3 5.00 32.00 37.00 NOTE
r-oldrel-macos-x86_64 1.0.3 OK
r-oldrel-windows-ix86+x86_64 1.0.3 6.00 41.00 47.00 OK

Check Details

Version: 1.0.3
Check: LazyData
Result: NOTE
     'LazyData' is specified without a 'data' directory
Flavors: r-devel-linux-x86_64-debian-clang, r-devel-linux-x86_64-debian-gcc, r-devel-linux-x86_64-fedora-clang, r-devel-linux-x86_64-fedora-gcc, r-devel-windows-x86_64, r-devel-windows-x86_64-gcc10-UCRT, r-patched-linux-x86_64, r-patched-solaris-x86, r-release-linux-x86_64, r-release-macos-arm64, r-release-macos-x86_64, r-release-windows-ix86+x86_64