CRAN Package Check Results for Package disposables

Last updated on 2021-10-16 09:54:15 CEST.

Flavor Version Tinstall Tcheck Ttotal Status Flags
r-devel-linux-x86_64-debian-clang 1.0.3 1.98 24.15 26.13 NOTE
r-devel-linux-x86_64-debian-gcc 1.0.3 1.59 18.96 20.55 NOTE
r-devel-linux-x86_64-fedora-clang 1.0.3 42.24 NOTE
r-devel-linux-x86_64-fedora-gcc 1.0.3 31.20 NOTE
r-devel-windows-x86_64 1.0.3 3.00 33.00 36.00 NOTE
r-devel-windows-x86_64-gcc10-UCRT 1.0.3 NOTE
r-patched-linux-x86_64 1.0.3 2.00 23.50 25.50 NOTE
r-patched-solaris-x86 1.0.3 51.10 NOTE
r-release-linux-x86_64 1.0.3 2.10 23.56 25.66 NOTE
r-release-macos-arm64 1.0.3 NOTE
r-release-macos-x86_64 1.0.3 NOTE
r-release-windows-ix86+x86_64 1.0.3 5.00 44.00 49.00 NOTE
r-oldrel-macos-x86_64 1.0.3 OK
r-oldrel-windows-ix86+x86_64 1.0.3 4.00 43.00 47.00 OK

Check Details

Version: 1.0.3
Check: LazyData
Result: NOTE
     'LazyData' is specified without a 'data' directory
Flavors: r-devel-linux-x86_64-debian-clang, r-devel-linux-x86_64-debian-gcc, r-devel-linux-x86_64-fedora-clang, r-devel-linux-x86_64-fedora-gcc, r-devel-windows-x86_64, r-devel-windows-x86_64-gcc10-UCRT, r-patched-linux-x86_64, r-patched-solaris-x86, r-release-linux-x86_64, r-release-macos-arm64, r-release-macos-x86_64, r-release-windows-ix86+x86_64