CRAN Package Check Results for Package dissUtils

Last updated on 2020-04-10 08:52:26 CEST.

Flavor Version Tinstall Tcheck Ttotal Status Flags
r-devel-linux-x86_64-debian-clang 1.0 9.69 19.79 29.48 NOTE
r-devel-linux-x86_64-debian-gcc 1.0 6.56 15.77 22.33 NOTE
r-devel-linux-x86_64-fedora-clang 1.0 40.09 NOTE
r-devel-linux-x86_64-fedora-gcc 1.0 37.58 NOTE
r-devel-windows-ix86+x86_64 1.0 27.00 44.00 71.00 NOTE
r-devel-windows-ix86+x86_64-gcc8 1.0 22.00 44.00 66.00 NOTE
r-patched-linux-x86_64 1.0 8.05 19.54 27.59 NOTE
r-patched-osx-x86_64 1.0 NOTE
r-patched-solaris-x86 1.0 64.60 NOTE
r-release-linux-x86_64 1.0 7.83 18.39 26.22 NOTE
r-release-windows-ix86+x86_64 1.0 26.00 59.00 85.00 NOTE
r-release-osx-x86_64 1.0 NOTE
r-oldrel-windows-ix86+x86_64 1.0 23.00 59.00 82.00 NOTE
r-oldrel-osx-x86_64 1.0 NOTE

Check Details

Version: 1.0
Check: R code for possible problems
Result: NOTE
    densest: no visible global function definition for 'weighted.mean'
    diss: no visible global function definition for 'cov'
    neighbors: no visible global function definition for 'cov'
    Undefined global functions or variables:
     cov weighted.mean
    Consider adding
     importFrom("stats", "cov", "weighted.mean")
    to your NAMESPACE file.
Flavors: r-devel-linux-x86_64-debian-clang, r-devel-linux-x86_64-debian-gcc, r-devel-linux-x86_64-fedora-clang, r-devel-linux-x86_64-fedora-gcc, r-devel-windows-ix86+x86_64, r-devel-windows-ix86+x86_64-gcc8, r-patched-linux-x86_64, r-patched-osx-x86_64, r-patched-solaris-x86, r-release-linux-x86_64, r-release-windows-ix86+x86_64, r-release-osx-x86_64, r-oldrel-windows-ix86+x86_64, r-oldrel-osx-x86_64

Version: 1.0
Check: compiled code
Result: NOTE
    File ‘dissUtils/libs/dissUtils.so’:
     Found no calls to: ‘R_registerRoutines’, ‘R_useDynamicSymbols’
    
    It is good practice to register native routines and to disable symbol
    search.
    
    See ‘Writing portable packages’ in the ‘Writing R Extensions’ manual.
Flavors: r-devel-linux-x86_64-fedora-clang, r-devel-linux-x86_64-fedora-gcc