CRAN Package Check Results for Package dissever

Last updated on 2020-08-12 20:46:54 CEST.

Flavor Version Tinstall Tcheck Ttotal Status Flags
r-devel-linux-x86_64-debian-clang 0.2-3 0.52 2.75 3.27 ERROR
r-devel-linux-x86_64-debian-gcc 0.2-3 15.41 156.53 171.94 OK
r-devel-linux-x86_64-fedora-clang 0.2-3 281.42 OK
r-devel-linux-x86_64-fedora-gcc 0.2-3 261.45 OK
r-devel-windows-ix86+x86_64 0.2-3 55.00 256.00 311.00 OK
r-patched-linux-x86_64 0.2-3 17.72 199.84 217.56 OK
r-patched-solaris-x86 0.2-3 392.60 OK
r-release-linux-x86_64 0.2-3 0.52 2.55 3.07 ERROR
r-release-macos-x86_64 0.2-3 OK
r-release-windows-ix86+x86_64 0.2-3 51.00 278.00 329.00 OK
r-oldrel-macos-x86_64 0.2-3 OK
r-oldrel-windows-ix86+x86_64 0.2-3 30.00 187.00 217.00 OK

Check Details

Version: 0.2-3
Check: package dependencies
Result: ERROR
    Package required but not available: 'caret'
    
    See section 'The DESCRIPTION file' in the 'Writing R Extensions'
    manual.
Flavors: r-devel-linux-x86_64-debian-clang, r-release-linux-x86_64