CRAN Package Check Results for Package distcrete

Last updated on 2022-06-26 00:51:34 CEST.

Flavor Version Tinstall Tcheck Ttotal Status Flags
r-devel-linux-x86_64-debian-clang 1.0.3 2.11 26.54 28.65 NOTE
r-devel-linux-x86_64-debian-gcc 1.0.3 1.55 20.77 22.32 NOTE
r-devel-linux-x86_64-fedora-clang 1.0.3 47.62 NOTE
r-devel-linux-x86_64-fedora-gcc 1.0.3 45.80 NOTE
r-devel-windows-x86_64 1.0.3 16.00 55.00 71.00 NOTE
r-patched-linux-x86_64 1.0.3 1.64 25.89 27.53 NOTE
r-release-linux-x86_64 1.0.3 1.91 26.29 28.20 NOTE
r-release-macos-arm64 1.0.3 15.00 NOTE
r-release-macos-x86_64 1.0.3 24.00 NOTE
r-release-windows-x86_64 1.0.3 16.00 52.00 68.00 NOTE
r-oldrel-macos-arm64 1.0.3 19.00 NOTE
r-oldrel-macos-x86_64 1.0.3 30.00 NOTE
r-oldrel-windows-ix86+x86_64 1.0.3 5.00 48.00 53.00 NOTE

Check Details

Version: 1.0.3
Check: LazyData
Result: NOTE
     'LazyData' is specified without a 'data' directory
Flavors: r-devel-linux-x86_64-debian-clang, r-devel-linux-x86_64-debian-gcc, r-devel-linux-x86_64-fedora-clang, r-devel-linux-x86_64-fedora-gcc, r-devel-windows-x86_64, r-patched-linux-x86_64, r-release-linux-x86_64, r-release-macos-arm64, r-release-macos-x86_64, r-release-windows-x86_64, r-oldrel-macos-arm64, r-oldrel-macos-x86_64, r-oldrel-windows-ix86+x86_64