CRAN Package Check Results for Package disto

Last updated on 2019-11-14 14:46:12 CET.

Flavor Version Tinstall Tcheck Ttotal Status Flags
r-devel-linux-x86_64-debian-clang 0.2.0 2.40 32.70 35.10 OK
r-devel-linux-x86_64-debian-gcc 0.2.0 2.23 25.77 28.00 OK
r-devel-linux-x86_64-fedora-clang 0.2.0 47.93 NOTE
r-devel-linux-x86_64-fedora-gcc 0.2.0 45.74 NOTE
r-devel-windows-ix86+x86_64 0.2.0 18.00 74.00 92.00 OK
r-patched-linux-x86_64 0.2.0 2.37 31.99 34.36 OK
r-patched-solaris-x86 0.2.0 57.50 NOTE
r-release-linux-x86_64 0.2.0 2.23 32.26 34.49 OK
r-release-windows-ix86+x86_64 0.2.0 6.00 85.00 91.00 OK
r-release-osx-x86_64 0.2.0 NOTE
r-oldrel-windows-ix86+x86_64 0.2.0 5.00 71.00 76.00 OK
r-oldrel-osx-x86_64 0.2.0 NOTE

Check Details

Version: 0.2.0
Check: dependencies in R code
Result: NOTE
    Namespaces in Imports field not imported from:
     ‘dplyr’ ‘proxy’
     All declared Imports should be used.
Flavors: r-devel-linux-x86_64-fedora-clang, r-devel-linux-x86_64-fedora-gcc, r-patched-solaris-x86, r-release-osx-x86_64, r-oldrel-osx-x86_64