CRAN Package Check Results for Package disto

Last updated on 2020-05-27 15:47:11 CEST.

Flavor Version Tinstall Tcheck Ttotal Status Flags
r-devel-linux-x86_64-debian-clang 0.2.0 3.00 37.05 40.05 OK
r-devel-linux-x86_64-debian-gcc 0.2.0 2.28 28.87 31.15 OK
r-devel-linux-x86_64-fedora-clang 0.2.0 57.16 NOTE
r-devel-linux-x86_64-fedora-gcc 0.2.0 48.50 NOTE
r-devel-windows-ix86+x86_64 0.2.0 17.00 79.00 96.00 OK
r-patched-linux-x86_64 0.2.0 2.39 37.39 39.78 OK
r-patched-solaris-x86 0.2.0 64.60 NOTE
r-release-linux-x86_64 0.2.0 2.47 36.41 38.88 OK
r-release-osx-x86_64 0.2.0 NOTE
r-release-windows-ix86+x86_64 0.2.0 16.00 70.00 86.00 OK
r-oldrel-osx-x86_64 0.2.0 NOTE
r-oldrel-windows-ix86+x86_64 0.2.0 7.00 56.00 63.00 OK

Check Details

Version: 0.2.0
Check: dependencies in R code
Result: NOTE
    Namespaces in Imports field not imported from:
     ‘dplyr’ ‘proxy’
     All declared Imports should be used.
Flavors: r-devel-linux-x86_64-fedora-clang, r-devel-linux-x86_64-fedora-gcc, r-patched-solaris-x86, r-release-osx-x86_64, r-oldrel-osx-x86_64