CRAN Package Check Results for Package distory

Last updated on 2019-12-09 13:49:43 CET.

Flavor Version Tinstall Tcheck Ttotal Status Flags
r-devel-linux-x86_64-debian-clang 1.4.3 11.95 58.30 70.25 NOTE
r-devel-linux-x86_64-debian-gcc 1.4.3 9.70 42.87 52.57 NOTE
r-devel-linux-x86_64-fedora-clang 1.4.3 85.32 NOTE
r-devel-linux-x86_64-fedora-gcc 1.4.3 80.27 NOTE
r-devel-windows-ix86+x86_64 1.4.3 28.00 152.00 180.00 NOTE
r-devel-windows-ix86+x86_64-gcc8 1.4.3 26.00 114.00 140.00 NOTE
r-patched-linux-x86_64 1.4.3 10.40 51.08 61.48 NOTE
r-patched-solaris-x86 1.4.3 127.60 NOTE
r-release-linux-x86_64 1.4.3 11.51 50.95 62.46 NOTE
r-release-windows-ix86+x86_64 1.4.3 22.00 112.00 134.00 NOTE
r-release-osx-x86_64 1.4.3 NOTE
r-oldrel-windows-ix86+x86_64 1.4.3 20.00 145.00 165.00 NOTE
r-oldrel-osx-x86_64 1.4.3 NOTE

Check Details

Version: 1.4.3
Check: DESCRIPTION meta-information
Result: NOTE
    Deprecated license: BSD
Flavors: r-devel-linux-x86_64-debian-clang, r-devel-linux-x86_64-debian-gcc, r-devel-linux-x86_64-fedora-clang, r-devel-linux-x86_64-fedora-gcc, r-patched-linux-x86_64, r-patched-solaris-x86, r-release-linux-x86_64, r-release-osx-x86_64, r-oldrel-osx-x86_64

Version: 1.4.3
Check: R code for possible problems
Result: NOTE
    dist.multiPhylo: no visible global function definition for 'as.dist'
    gromov.hyperbolicity: no visible global function definition for
     'as.dist'
    mcmc.target.seq: no visible global function definition for 'runif'
    phylo.diff: no visible global function definition for 'par'
    phylo.diff: no visible global function definition for 'plot'
    Undefined global functions or variables:
     as.dist par plot runif
    Consider adding
     importFrom("graphics", "par", "plot")
     importFrom("stats", "as.dist", "runif")
    to your NAMESPACE file.
Flavors: r-devel-linux-x86_64-debian-clang, r-devel-linux-x86_64-debian-gcc, r-devel-linux-x86_64-fedora-clang, r-devel-linux-x86_64-fedora-gcc, r-devel-windows-ix86+x86_64, r-devel-windows-ix86+x86_64-gcc8, r-patched-linux-x86_64, r-patched-solaris-x86, r-release-linux-x86_64, r-release-windows-ix86+x86_64, r-release-osx-x86_64, r-oldrel-windows-ix86+x86_64, r-oldrel-osx-x86_64

Version: 1.4.3
Check: compiled code
Result: NOTE
    File ‘distory/libs/distory.so’:
     Found no calls to: ‘R_registerRoutines’, ‘R_useDynamicSymbols’
    
    It is good practice to register native routines and to disable symbol
    search.
    
    See ‘Writing portable packages’ in the ‘Writing R Extensions’ manual.
Flavors: r-devel-linux-x86_64-fedora-clang, r-devel-linux-x86_64-fedora-gcc