CRAN Package Check Results for Package distr

Last updated on 2021-06-22 19:51:52 CEST.

Flavor Version Tinstall Tcheck Ttotal Status Flags
r-devel-linux-x86_64-debian-clang 2.8.0 33.43 232.64 266.07 OK
r-devel-linux-x86_64-debian-gcc 2.8.0 28.70 170.31 199.01 OK
r-devel-linux-x86_64-fedora-clang 2.8.0 248.06 NOTE
r-devel-linux-x86_64-fedora-gcc 2.8.0 243.55 OK
r-devel-windows-x86_64 2.8.0 55.00 272.00 327.00 OK
r-devel-windows-x86_64-gcc10-UCRT 2.8.0 OK
r-patched-linux-x86_64 2.8.0 37.07 221.74 258.81 OK
r-patched-solaris-x86 2.8.0 292.30 OK
r-release-linux-x86_64 2.8.0 35.24 222.92 258.16 OK
r-release-macos-arm64 2.8.0 OK
r-release-macos-x86_64 2.8.0 OK
r-release-windows-ix86+x86_64 2.8.0 61.00 444.00 505.00 OK
r-oldrel-macos-x86_64 2.8.0 OK

Check Details

Version: 2.8.0
Check: Rd cross-references
Result: NOTE
    Undeclared packages ‘distrMod’, ‘RobAStBase’ in Rd xrefs
Flavor: r-devel-linux-x86_64-fedora-clang