CRAN Package Check Results for Package distr6

Last updated on 2021-08-06 04:53:55 CEST.

Flavor Version Tinstall Tcheck Ttotal Status Flags
r-devel-linux-x86_64-debian-clang 1.5.6 145.34 331.18 476.52 OK
r-devel-linux-x86_64-debian-gcc 1.5.6 110.81 241.51 352.32 OK
r-devel-linux-x86_64-fedora-clang 1.5.6 594.39 NOTE
r-devel-linux-x86_64-fedora-gcc 1.5.6 576.13 OK
r-devel-windows-x86_64 1.5.6 203.00 395.00 598.00 NOTE
r-devel-windows-x86_64-gcc10-UCRT 1.5.6 ERROR
r-patched-linux-x86_64 1.5.6 147.13 245.10 392.23 OK
r-patched-solaris-x86 1.5.6 594.20 NOTE
r-release-linux-x86_64 1.5.6 128.85 311.54 440.39 OK
r-release-macos-arm64 1.5.6 NOTE
r-release-macos-x86_64 1.5.6 NOTE
r-release-windows-ix86+x86_64 1.5.6 260.00 641.00 901.00 NOTE
r-oldrel-macos-x86_64 1.5.6 NOTE
r-oldrel-windows-ix86+x86_64 1.5.6 183.00 619.00 802.00 NOTE

Check Details

Version: 1.5.6
Check: installed package size
Result: NOTE
     installed size is 7.6Mb
     sub-directories of 1Mb or more:
     R 3.8Mb
     help 1.3Mb
     libs 2.3Mb
Flavors: r-devel-linux-x86_64-fedora-clang, r-devel-windows-x86_64, r-patched-solaris-x86, r-release-macos-arm64, r-release-macos-x86_64, r-release-windows-ix86+x86_64, r-oldrel-macos-x86_64, r-oldrel-windows-ix86+x86_64

Version: 1.5.6
Check: package dependencies
Result: NOTE
    Packages suggested but not available for checking: 'testthat', 'plotly'
Flavor: r-devel-windows-x86_64-gcc10-UCRT

Version: 1.5.6
Check: tests
Result: ERROR
     Running 'testthat.R'
    Running the tests in 'tests/testthat.R' failed.
    Complete output:
     > library(testthat)
     Error in library(testthat) : there is no package called 'testthat'
     Execution halted
Flavor: r-devel-windows-x86_64-gcc10-UCRT