Last updated on 2022-05-28 18:51:12 CEST.
Flavor | Version | Tinstall | Tcheck | Ttotal | Status | Flags |
---|---|---|---|---|---|---|
r-devel-linux-x86_64-debian-clang | 1.6.9 | 140.45 | 450.07 | 590.52 | OK | |
r-devel-linux-x86_64-debian-gcc | 1.6.9 | 117.07 | 319.33 | 436.40 | OK | |
r-devel-linux-x86_64-fedora-clang | 1.6.9 | 706.38 | NOTE | |||
r-devel-linux-x86_64-fedora-gcc | 1.6.9 | 697.52 | OK | |||
r-devel-windows-x86_64 | 1.6.9 | 187.00 | 493.00 | 680.00 | NOTE | |
r-patched-linux-x86_64 | 1.6.9 | 135.83 | 409.49 | 545.32 | OK | |
r-release-linux-x86_64 | 1.6.9 | 129.13 | 418.28 | 547.41 | OK | |
r-release-macos-arm64 | 1.6.9 | 168.00 | NOTE | |||
r-release-macos-x86_64 | 1.6.9 | 218.00 | NOTE | |||
r-release-windows-x86_64 | 1.6.9 | 224.00 | 490.00 | 714.00 | NOTE | |
r-oldrel-macos-arm64 | 1.6.9 | 151.00 | NOTE | |||
r-oldrel-macos-x86_64 | 1.6.9 | 215.00 | NOTE | |||
r-oldrel-windows-ix86+x86_64 | 1.6.9 | 265.00 | 903.00 | 1168.00 | NOTE |
Version: 1.6.9
Check: installed package size
Result: NOTE
installed size is 6.8Mb
sub-directories of 1Mb or more:
R 3.7Mb
help 1.2Mb
libs 1.7Mb
Flavors: r-devel-linux-x86_64-fedora-clang, r-devel-windows-x86_64, r-release-macos-arm64, r-release-macos-x86_64, r-release-windows-x86_64, r-oldrel-macos-arm64, r-oldrel-macos-x86_64, r-oldrel-windows-ix86+x86_64
Version: 1.6.9
Check: package dependencies
Result: NOTE
Package suggested but not available for checking: ‘R62S3’
Flavor: r-release-macos-x86_64