CRAN Package Check Results for Package distr6

Last updated on 2021-05-09 17:46:46 CEST.

Flavor Version Tinstall Tcheck Ttotal Status Flags
r-devel-linux-x86_64-debian-clang 1.5.2 140.96 329.12 470.08 OK
r-devel-linux-x86_64-debian-gcc 1.5.2 111.45 244.53 355.98 OK
r-devel-linux-x86_64-fedora-clang 1.5.2 594.73 NOTE
r-devel-linux-x86_64-fedora-gcc 1.5.2 572.87 OK
r-devel-windows-ix86+x86_64 1.5.2 188.00 657.00 845.00 NOTE
r-devel-windows-x86_64-gcc10-UCRT 1.5.2 OK
r-patched-linux-x86_64 1.5.2 136.21 311.19 447.40 OK
r-patched-solaris-x86 1.5.2 569.00 NOTE
r-release-linux-x86_64 1.5.2 130.64 315.81 446.45 OK
r-release-macos-x86_64 1.5.2 NOTE
r-release-windows-ix86+x86_64 1.5.2 172.00 476.00 648.00 NOTE
r-oldrel-macos-x86_64 1.5.2 NOTE
r-oldrel-windows-ix86+x86_64 1.5.2 240.00 586.00 826.00 NOTE

Check Details

Version: 1.5.2
Check: installed package size
Result: NOTE
     installed size is 7.5Mb
     sub-directories of 1Mb or more:
     R 3.8Mb
     help 1.3Mb
     libs 2.2Mb
Flavors: r-devel-linux-x86_64-fedora-clang, r-devel-windows-ix86+x86_64, r-patched-solaris-x86, r-release-macos-x86_64, r-release-windows-ix86+x86_64, r-oldrel-macos-x86_64, r-oldrel-windows-ix86+x86_64