CRAN Package Check Results for Package distr6

Last updated on 2021-12-08 03:58:18 CET.

Flavor Version Tinstall Tcheck Ttotal Status Flags
r-devel-linux-x86_64-debian-clang 1.6.2 129.46 448.74 578.20 OK
r-devel-linux-x86_64-debian-gcc 1.6.2 105.48 320.50 425.98 OK
r-devel-linux-x86_64-fedora-clang 1.6.2 724.89 NOTE
r-devel-linux-x86_64-fedora-gcc 1.6.2 703.15 OK
r-devel-windows-x86_64-new-UL 1.6.2 214.00 566.00 780.00 NOTE
r-devel-windows-x86_64-new-TK 1.6.2 OK
r-devel-windows-x86_64-old 1.6.2 197.00 542.00 739.00 NOTE
r-patched-linux-x86_64 1.6.2 132.03 421.10 553.13 OK
r-release-linux-x86_64 1.6.2 123.93 419.05 542.98 OK
r-release-macos-arm64 1.6.2 NOTE
r-release-macos-x86_64 1.6.2 NOTE
r-release-windows-ix86+x86_64 1.6.2 175.00 893.00 1068.00 NOTE
r-oldrel-macos-x86_64 1.6.2 NOTE
r-oldrel-windows-ix86+x86_64 1.6.2 251.00 743.00 994.00 NOTE

Check Details

Version: 1.6.2
Check: installed package size
Result: NOTE
     installed size is 7.1Mb
     sub-directories of 1Mb or more:
     R 3.6Mb
     help 1.2Mb
     libs 2.1Mb
Flavors: r-devel-linux-x86_64-fedora-clang, r-devel-windows-x86_64-new-UL, r-devel-windows-x86_64-old, r-release-macos-arm64, r-release-macos-x86_64, r-release-windows-ix86+x86_64, r-oldrel-macos-x86_64, r-oldrel-windows-ix86+x86_64