CRAN Package Check Results for Package distr6

Last updated on 2021-01-24 16:46:33 CET.

Flavor Version Tinstall Tcheck Ttotal Status Flags
r-devel-linux-x86_64-debian-clang 1.4.8 152.85 343.43 496.28 OK
r-devel-linux-x86_64-debian-gcc 1.4.8 104.79 255.35 360.14 OK
r-devel-linux-x86_64-fedora-clang 1.4.8 601.70 NOTE
r-devel-linux-x86_64-fedora-gcc 1.4.8 625.30 OK
r-devel-windows-ix86+x86_64 1.4.8 263.00 703.00 966.00 NOTE
r-patched-linux-x86_64 1.4.8 125.60 312.19 437.79 OK
r-patched-solaris-x86 1.4.8 628.50 NOTE
r-release-linux-x86_64 1.4.8 124.19 317.47 441.66 OK
r-release-macos-x86_64 1.4.8 NOTE
r-release-windows-ix86+x86_64 1.4.8 192.00 626.00 818.00 NOTE
r-oldrel-macos-x86_64 1.4.8 NOTE
r-oldrel-windows-ix86+x86_64 1.4.8 196.00 600.00 796.00 NOTE

Check Details

Version: 1.4.8
Check: installed package size
Result: NOTE
     installed size is 7.9Mb
     sub-directories of 1Mb or more:
     R 3.8Mb
     help 1.3Mb
     libs 2.7Mb
Flavors: r-devel-linux-x86_64-fedora-clang, r-devel-windows-ix86+x86_64, r-patched-solaris-x86, r-release-macos-x86_64, r-release-windows-ix86+x86_64, r-oldrel-macos-x86_64, r-oldrel-windows-ix86+x86_64