Last updated on 2023-03-24 06:50:34 CET.
Flavor | Version | Tinstall | Tcheck | Ttotal | Status | Flags |
---|---|---|---|---|---|---|
r-devel-linux-x86_64-debian-clang | 2.8.1 | 21.85 | 64.38 | 86.23 | OK | |
r-devel-linux-x86_64-debian-gcc | 2.8.1 | 16.61 | 48.52 | 65.13 | OK | |
r-devel-linux-x86_64-fedora-clang | 2.8.1 | 109.66 | NOTE | |||
r-devel-linux-x86_64-fedora-gcc | 2.8.1 | 104.32 | OK | |||
r-devel-windows-x86_64 | 2.8.1 | 68.00 | 95.00 | 163.00 | OK | |
r-patched-linux-x86_64 | 2.8.1 | 17.87 | 62.18 | 80.05 | OK | |
r-release-linux-x86_64 | 2.8.1 | 16.48 | 61.78 | 78.26 | OK | |
r-release-macos-arm64 | 2.8.1 | 38.00 | OK | |||
r-release-macos-x86_64 | 2.8.1 | 45.00 | OK | |||
r-release-windows-x86_64 | 2.8.1 | 72.00 | 96.00 | 168.00 | OK | |
r-oldrel-macos-arm64 | 2.8.1 | 37.00 | OK | |||
r-oldrel-macos-x86_64 | 2.8.1 | 47.00 | OK | |||
r-oldrel-windows-ix86+x86_64 | 2.8.1 | 35.00 | 94.00 | 129.00 | OK |
Version: 2.8.1
Check: Rd cross-references
Result: NOTE
Undeclared package ‘distrTEst’ in Rd xrefs
Flavor: r-devel-linux-x86_64-fedora-clang