CRAN Package Check Results for Package dittodb

Last updated on 2020-09-29 06:46:49 CEST.

Flavor Version Tinstall Tcheck Ttotal Status Flags
r-devel-linux-x86_64-debian-clang 0.1.1 4.68 97.76 102.44 OK
r-devel-linux-x86_64-debian-gcc 0.1.1 3.91 76.18 80.09 OK
r-devel-linux-x86_64-fedora-clang 0.1.1 128.83 OK
r-devel-linux-x86_64-fedora-gcc 0.1.1 167.98 OK
r-devel-windows-ix86+x86_64 0.1.1 16.00 191.00 207.00 OK
r-patched-linux-x86_64 0.1.1 4.97 94.25 99.22 OK
r-patched-solaris-x86 0.1.1 182.30 NOTE
r-release-linux-x86_64 0.1.1 5.03 94.52 99.55 OK
r-release-macos-x86_64 0.1.1 OK
r-release-windows-ix86+x86_64 0.1.1 22.00 196.00 218.00 OK
r-oldrel-macos-x86_64 0.1.1 OK
r-oldrel-windows-ix86+x86_64 0.1.1 15.00 186.00 201.00 OK

Check Details

Version: 0.1.1
Check: package dependencies
Result: NOTE
    Package suggested but not available for checking: ‘RPostgres’
Flavor: r-patched-solaris-x86