Last updated on 2025-01-23 01:50:43 CET.
Flavor | Version | Tinstall | Tcheck | Ttotal | Status | Flags |
---|---|---|---|---|---|---|
r-devel-linux-x86_64-debian-clang | 0.1.2 | 7.81 | 46.98 | 54.79 | OK | |
r-devel-linux-x86_64-debian-gcc | 0.1.2 | 5.35 | 35.16 | 40.51 | OK | |
r-devel-linux-x86_64-fedora-clang | 0.1.2 | 90.52 | NOTE | |||
r-devel-linux-x86_64-fedora-gcc | 0.1.2 | 86.23 | NOTE | |||
r-devel-windows-x86_64 | 0.1.2 | 8.00 | 63.00 | 71.00 | OK | |
r-patched-linux-x86_64 | 0.1.2 | 7.02 | 44.30 | 51.32 | OK | |
r-release-linux-x86_64 | 0.1.2 | 7.30 | 44.66 | 51.96 | OK | |
r-release-macos-arm64 | 0.1.2 | 42.00 | OK | |||
r-release-macos-x86_64 | 0.1.2 | 44.00 | OK | |||
r-release-windows-x86_64 | 0.1.2 | 7.00 | 62.00 | 69.00 | OK | |
r-oldrel-macos-arm64 | 0.1.2 | 34.00 | OK | |||
r-oldrel-macos-x86_64 | 0.1.2 | 48.00 | OK | |||
r-oldrel-windows-x86_64 | 0.1.2 | 9.00 | 70.00 | 79.00 | OK |
Version: 0.1.2
Check: dependencies in R code
Result: NOTE
Namespaces in Imports field not imported from:
‘ggmulti’ ‘loon’ ‘loon.data’ ‘loon.ggplot’ ‘loon.shiny’ ‘loon.tourr’
‘stats’ ‘zenplots’
All declared Imports should be used.
Flavors: r-devel-linux-x86_64-fedora-clang, r-devel-linux-x86_64-fedora-gcc