CRAN Package Check Results for Package diversitree

Last updated on 2025-01-25 05:48:22 CET.

Flavor Version Tinstall Tcheck Ttotal Status Flags
r-devel-linux-x86_64-debian-clang 0.10-1 54.18 103.00 157.18 OK
r-devel-linux-x86_64-debian-gcc 0.10-1 39.05 66.76 105.81 OK
r-devel-linux-x86_64-fedora-clang 0.10-1 271.21 OK
r-devel-linux-x86_64-fedora-gcc 0.10-1 262.64 OK
r-devel-windows-x86_64 0.10-1 73.00 142.00 215.00 OK
r-patched-linux-x86_64 0.10-1 55.66 95.76 151.42 OK
r-release-linux-x86_64 0.10-1 57.99 94.40 152.39 OK
r-release-macos-arm64 0.10-1 72.00 NOTE
r-release-macos-x86_64 0.10-1 154.00 NOTE
r-release-windows-x86_64 0.10-1 70.00 142.00 212.00 OK
r-oldrel-macos-arm64 0.10-1 63.00 NOTE
r-oldrel-macos-x86_64 0.10-1 134.00 NOTE
r-oldrel-windows-x86_64 0.10-1 84.00 173.00 257.00 OK

Check Details

Version: 0.10-1
Check: installed package size
Result: NOTE installed size is 8.1Mb sub-directories of 1Mb or more: libs 6.9Mb Flavors: r-release-macos-arm64, r-release-macos-x86_64, r-oldrel-macos-arm64, r-oldrel-macos-x86_64