Last updated on 2022-07-04 12:54:08 CEST.
Flavor | Version | Tinstall | Tcheck | Ttotal | Status | Flags |
---|---|---|---|---|---|---|
r-devel-linux-x86_64-debian-clang | 0.9-16 | 84.67 | 124.61 | 209.28 | OK | |
r-devel-linux-x86_64-debian-gcc | 0.9-16 | 66.79 | 92.33 | 159.12 | OK | |
r-devel-linux-x86_64-fedora-clang | 0.9-16 | 279.03 | NOTE | |||
r-devel-linux-x86_64-fedora-gcc | 0.9-16 | 261.71 | OK | |||
r-devel-windows-x86_64 | 0.9-16 | 223.00 | 160.00 | 383.00 | OK | |
r-patched-linux-x86_64 | 0.9-16 | 80.10 | 119.77 | 199.87 | OK | |
r-release-linux-x86_64 | 0.9-16 | 66.77 | 120.19 | 186.96 | OK | |
r-release-macos-arm64 | 0.9-16 | 70.00 | NOTE | |||
r-release-macos-x86_64 | 0.9-16 | 92.00 | NOTE | |||
r-release-windows-x86_64 | 0.9-16 | 293.00 | 169.00 | 462.00 | OK | |
r-oldrel-macos-arm64 | 0.9-16 | 77.00 | NOTE | |||
r-oldrel-macos-x86_64 | 0.9-16 | 95.00 | NOTE | |||
r-oldrel-windows-ix86+x86_64 | 0.9-16 | 196.00 | 180.00 | 376.00 | NOTE |
Version: 0.9-16
Check: installed package size
Result: NOTE
installed size is 5.4Mb
sub-directories of 1Mb or more:
libs 4.2Mb
Flavors: r-devel-linux-x86_64-fedora-clang, r-release-macos-arm64, r-release-macos-x86_64, r-oldrel-macos-arm64, r-oldrel-macos-x86_64, r-oldrel-windows-ix86+x86_64