Last updated on 2023-12-07 19:58:26 CET.
Flavor | Version | Tinstall | Tcheck | Ttotal | Status | Flags |
---|---|---|---|---|---|---|
r-devel-linux-x86_64-debian-clang | 0.0-8 | 12.28 | 90.72 | 103.00 | OK | |
r-devel-linux-x86_64-debian-gcc | 0.0-8 | 10.10 | 70.49 | 80.59 | OK | |
r-devel-linux-x86_64-fedora-clang | 0.0-8 | 133.71 | OK | |||
r-devel-linux-x86_64-fedora-gcc | 0.0-8 | 124.32 | OK | |||
r-devel-windows-x86_64 | 0.0-8 | 14.00 | 84.00 | 98.00 | OK | |
r-patched-linux-x86_64 | 0.0-8 | 11.30 | 90.70 | 102.00 | OK | |
r-release-linux-x86_64 | 0.0-8 | 8.05 | 88.04 | 96.09 | OK | |
r-release-macos-arm64 | 0.0-8 | 45.00 | OK | |||
r-release-macos-x86_64 | 0.0-8 | 72.00 | NOTE | |||
r-release-windows-x86_64 | 0.0-8 | 17.00 | 95.00 | 112.00 | OK | |
r-oldrel-macos-arm64 | 0.0-8 | 39.00 | OK | |||
r-oldrel-macos-x86_64 | 0.0-8 | 65.00 | OK | |||
r-oldrel-windows-x86_64 | 0.0-8 | 16.00 | 108.00 | 124.00 | OK |
Version: 0.0-8
Check: package dependencies
Result: NOTE
Package suggested but not available for checking: ‘ecespa’
Flavor: r-release-macos-x86_64
Version: 0.0-8
Check: Rd cross-references
Result: NOTE
Package unavailable to check Rd xrefs: ‘ecespa’
Flavor: r-release-macos-x86_64