CRAN Package Check Results for Package dkanr

Last updated on 2021-05-18 02:49:11 CEST.

Flavor Version Tinstall Tcheck Ttotal Status Flags
r-devel-linux-x86_64-debian-clang 0.1.3 4.19 73.58 77.77 NOTE
r-devel-linux-x86_64-debian-gcc 0.1.3 3.08 55.33 58.41 NOTE
r-devel-linux-x86_64-fedora-clang 0.1.3 103.51 NOTE
r-devel-linux-x86_64-fedora-gcc 0.1.3 86.74 NOTE
r-devel-windows-ix86+x86_64 0.1.3 7.00 113.00 120.00 NOTE
r-devel-windows-x86_64-gcc10-UCRT 0.1.3 NOTE
r-patched-linux-x86_64 0.1.3 4.12 71.06 75.18 NOTE
r-patched-solaris-x86 0.1.3 120.70 NOTE
r-release-linux-x86_64 0.1.3 3.35 70.44 73.79 OK
r-release-macos-x86_64 0.1.3 OK
r-release-windows-ix86+x86_64 0.1.3 5.00 90.00 95.00 OK
r-oldrel-macos-x86_64 0.1.3 OK
r-oldrel-windows-ix86+x86_64 0.1.3 4.00 122.00 126.00 OK

Check Details

Version: 0.1.3
Check: LazyData
Result: NOTE
     'LazyData' is specified without a 'data' directory
Flavors: r-devel-linux-x86_64-debian-clang, r-devel-linux-x86_64-debian-gcc, r-devel-linux-x86_64-fedora-clang, r-devel-linux-x86_64-fedora-gcc, r-devel-windows-ix86+x86_64, r-devel-windows-x86_64-gcc10-UCRT, r-patched-linux-x86_64, r-patched-solaris-x86