CRAN Package Check Results for Package dlookr

Last updated on 2019-03-24 04:46:45 CET.

Flavor Version Tinstall Tcheck Ttotal Status Flags
r-devel-linux-x86_64-debian-clang 0.3.9 19.25 239.86 259.11 OK
r-devel-linux-x86_64-debian-gcc 0.3.9 15.81 186.69 202.50 OK
r-devel-linux-x86_64-fedora-clang 0.3.9 325.28 OK
r-devel-linux-x86_64-fedora-gcc 0.3.9 298.47 OK
r-devel-windows-ix86+x86_64 0.3.9 67.00 383.00 450.00 OK
r-patched-linux-x86_64 0.3.9 14.23 220.32 234.55 OK
r-patched-solaris-x86 0.3.9 445.80 NOTE
r-release-linux-x86_64 0.3.9 0.77 2.97 3.74 ERROR
r-release-windows-ix86+x86_64 0.3.9 29.00 250.00 279.00 OK
r-release-osx-x86_64 0.3.9 OK
r-oldrel-windows-ix86+x86_64 0.3.9 25.00 298.00 323.00 OK
r-oldrel-osx-x86_64 0.3.9 OK

Check Details

Version: 0.3.9
Check: installed package size
Result: NOTE
     installed size is 5.3Mb
     sub-directories of 1Mb or more:
     doc 4.4Mb
Flavor: r-patched-solaris-x86

Version: 0.3.9
Check: whether package can be installed
Result: ERROR
    Installation failed.
Flavor: r-release-linux-x86_64