CRAN Package Check Results for Package dlookr

Last updated on 2019-06-25 20:46:54 CEST.

Flavor Version Tinstall Tcheck Ttotal Status Flags
r-devel-linux-x86_64-debian-clang 0.3.9 18.22 230.26 248.48 OK
r-devel-linux-x86_64-debian-gcc 0.3.9 16.22 180.11 196.33 OK
r-devel-linux-x86_64-fedora-clang 0.3.9 282.95 OK
r-devel-linux-x86_64-fedora-gcc 0.3.9 280.62 OK
r-devel-windows-ix86+x86_64 0.3.9 68.00 255.00 323.00 OK
r-patched-linux-x86_64 0.3.9 18.18 225.24 243.42 OK
r-patched-solaris-x86 0.3.9 481.80 WARN
r-release-linux-x86_64 0.3.9 18.58 226.38 244.96 OK
r-release-windows-ix86+x86_64 0.3.9 42.00 255.00 297.00 OK
r-release-osx-x86_64 0.3.9 OK
r-oldrel-windows-ix86+x86_64 0.3.9 26.00 216.00 242.00 OK
r-oldrel-osx-x86_64 0.3.9 OK

Check Details

Version: 0.3.9
Check: installed package size
Result: NOTE
     installed size is 5.3Mb
     sub-directories of 1Mb or more:
     doc 4.4Mb
Flavor: r-patched-solaris-x86

Version: 0.3.9
Check: for missing documentation entries
Result: WARN
    XIO: fatal IO error 146 (Connection refused) on X server ":5.0"
     after 0 requests (0 known processed) with 0 events remaining.
    All user-level objects in a package should have documentation entries.
    See chapter ‘Writing R documentation files’ in the ‘Writing R
    Extensions’ manual.
Flavor: r-patched-solaris-x86