CRAN Package Check Results for Package dlookr

Last updated on 2019-01-19 21:46:24 CET.

Flavor Version Tinstall Tcheck Ttotal Status Flags
r-devel-linux-x86_64-debian-clang 0.3.2 12.06 248.89 260.95 OK
r-devel-linux-x86_64-debian-gcc 0.3.2 10.92 188.87 199.79 OK
r-devel-linux-x86_64-fedora-clang 0.3.2 317.13 NOTE
r-devel-linux-x86_64-fedora-gcc 0.3.2 299.92 NOTE
r-devel-windows-ix86+x86_64 0.3.2 42.00 360.00 402.00 OK
r-patched-linux-x86_64 0.3.2 12.91 218.39 231.30 OK
r-patched-solaris-x86 0.3.2 443.00 NOTE
r-release-linux-x86_64 0.3.2 12.89 219.22 232.11 OK
r-release-windows-ix86+x86_64 0.3.2 51.00 413.00 464.00 OK
r-release-osx-x86_64 0.3.2 NOTE
r-oldrel-windows-ix86+x86_64 0.3.2 42.00 363.00 405.00 OK
r-oldrel-osx-x86_64 0.3.2 NOTE

Check Details

Version: 0.3.2
Check: dependencies in R code
Result: NOTE
    Namespaces in Imports field not imported from:
     ‘dbplyr’ ‘randomForest’
     All declared Imports should be used.
Flavors: r-devel-linux-x86_64-fedora-clang, r-devel-linux-x86_64-fedora-gcc, r-patched-solaris-x86, r-release-osx-x86_64, r-oldrel-osx-x86_64

Version: 0.3.2
Check: installed package size
Result: NOTE
     installed size is 5.2Mb
     sub-directories of 1Mb or more:
     doc 4.5Mb
Flavor: r-patched-solaris-x86