CRAN Package Check Results for Package dma

Last updated on 2024-03-03 08:52:31 CET.

Flavor Version Tinstall Tcheck Ttotal Status Flags
r-devel-linux-x86_64-debian-clang 1.4-0 2.18 37.26 39.44 NOTE
r-devel-linux-x86_64-debian-gcc 1.4-0 2.30 28.38 30.68 NOTE
r-devel-linux-x86_64-fedora-clang 1.4-0 53.32 NOTE
r-devel-linux-x86_64-fedora-gcc 1.4-0 50.87 NOTE
r-devel-windows-x86_64 1.4-0 4.00 54.00 58.00 OK
r-patched-linux-x86_64 1.4-0 2.57 35.28 37.85 OK
r-release-linux-x86_64 1.4-0 2.94 35.30 38.24 OK
r-release-macos-arm64 1.4-0 22.00 OK
r-release-macos-x86_64 1.4-0 28.00 OK
r-release-windows-x86_64 1.4-0 4.00 50.00 54.00 OK
r-oldrel-macos-arm64 1.4-0 20.00 OK
r-oldrel-windows-x86_64 1.4-0 5.00 58.00 63.00 OK

Check Details

Version: 1.4-0
Check: Rd files
Result: NOTE checkRd: (-1) dma.Rd:47: Lost braces; missing escapes or markup? 47 | When y_t is controlled, only y_{t-delay-1} and before | ^ checkRd: (-1) dma.Rd:64: Lost braces; missing escapes or markup? 64 | estimate of theta_{j-1} for model k at t} | ^ checkRd: (-1) dma.Rd:66: Lost braces; missing escapes or markup? 66 | variance of theta_{j-1} for model k at t} | ^ checkRd: (-1) dma.Rd:68: Lost braces; missing escapes or markup? 68 | estimate of theta_{j-1} at t} | ^ checkRd: (-1) dma.Rd:70: Lost braces; missing escapes or markup? 70 | variance of thetahat_{j-1} at t} | ^ Flavors: r-devel-linux-x86_64-debian-clang, r-devel-linux-x86_64-debian-gcc, r-devel-linux-x86_64-fedora-clang, r-devel-linux-x86_64-fedora-gcc