CRAN Package Check Results for Package dmai

Last updated on 2022-01-27 05:55:50 CET.

Flavor Version Tinstall Tcheck Ttotal Status Flags
r-devel-linux-x86_64-debian-clang 0.4.0 4.63 56.24 60.87 NOTE
r-devel-linux-x86_64-debian-gcc 0.4.0 4.05 42.72 46.77 NOTE
r-devel-linux-x86_64-fedora-clang 0.4.0 70.80 NOTE
r-devel-linux-x86_64-fedora-gcc 0.4.0 61.97 NOTE
r-devel-windows-x86_64-new-UL 0.4.0 13.00 72.00 85.00 NOTE
r-devel-windows-x86_64-new-TK 0.4.0 NOTE
r-patched-linux-x86_64 0.4.0 3.22 51.28 54.50 NOTE
r-release-linux-x86_64 0.4.0 4.91 51.34 56.25 NOTE
r-release-macos-arm64 0.4.0 NOTE
r-release-macos-x86_64 0.4.0 NOTE
r-release-windows-ix86+x86_64 0.4.0 13.00 64.00 77.00 NOTE
r-oldrel-macos-x86_64 0.4.0 OK
r-oldrel-windows-ix86+x86_64 0.4.0 13.00 64.00 77.00 OK

Check Details

Version: 0.4.0
Check: LazyData
Result: NOTE
     'LazyData' is specified without a 'data' directory
Flavors: r-devel-linux-x86_64-debian-clang, r-devel-linux-x86_64-debian-gcc, r-devel-linux-x86_64-fedora-clang, r-devel-linux-x86_64-fedora-gcc, r-devel-windows-x86_64-new-UL, r-devel-windows-x86_64-new-TK, r-patched-linux-x86_64, r-release-linux-x86_64, r-release-macos-arm64, r-release-macos-x86_64, r-release-windows-ix86+x86_64