CRAN Package Check Results for Package dmtools

Last updated on 2023-12-08 04:03:09 CET.

Flavor Version Tinstall Tcheck Ttotal Status Flags
r-devel-linux-x86_64-debian-clang 0.2.6 4.23 59.59 63.82 NOTE
r-devel-linux-x86_64-debian-gcc 0.2.6 3.19 45.90 49.09 NOTE
r-devel-linux-x86_64-fedora-clang 0.2.6 79.53 NOTE
r-devel-linux-x86_64-fedora-gcc 0.2.6 87.02 NOTE
r-devel-windows-x86_64 0.2.6 5.00 69.00 74.00 NOTE
r-patched-linux-x86_64 0.2.6 4.83 58.15 62.98 NOTE
r-release-linux-x86_64 0.2.6 4.46 57.19 61.65 NOTE
r-release-macos-arm64 0.2.6 40.00 NOTE
r-release-macos-x86_64 0.2.6 55.00 NOTE
r-release-windows-x86_64 0.2.6 6.00 76.00 82.00 NOTE
r-oldrel-macos-arm64 0.2.6 27.00 NOTE
r-oldrel-macos-x86_64 0.2.6 51.00 NOTE
r-oldrel-windows-x86_64 0.2.6 6.00 82.00 88.00 NOTE

Check Details

Version: 0.2.6
Check: LazyData
Result: NOTE 'LazyData' is specified without a 'data' directory Flavors: r-devel-linux-x86_64-debian-clang, r-devel-linux-x86_64-debian-gcc, r-devel-linux-x86_64-fedora-clang, r-devel-linux-x86_64-fedora-gcc, r-devel-windows-x86_64, r-patched-linux-x86_64, r-release-linux-x86_64, r-release-macos-arm64, r-release-macos-x86_64, r-release-windows-x86_64, r-oldrel-macos-arm64, r-oldrel-macos-x86_64, r-oldrel-windows-x86_64