CRAN Package Check Results for Package dmtools

Last updated on 2024-06-22 11:49:13 CEST.

Flavor Version Tinstall Tcheck Ttotal Status Flags
r-devel-linux-x86_64-debian-clang 0.2.6 4.62 60.00 64.62 NOTE
r-devel-linux-x86_64-debian-gcc 0.2.6 3.32 46.62 49.94 NOTE
r-devel-linux-x86_64-fedora-clang 0.2.6 81.87 NOTE
r-devel-linux-x86_64-fedora-gcc 0.2.6 97.05 NOTE
r-devel-windows-x86_64 0.2.6 6.00 70.00 76.00 NOTE
r-patched-linux-x86_64 0.2.6 3.54 59.51 63.05 NOTE
r-release-linux-x86_64 0.2.6 2.94 58.74 61.68 NOTE
r-release-macos-arm64 0.2.6 38.00 NOTE
r-release-macos-x86_64 0.2.6 70.00 NOTE
r-release-windows-x86_64 0.2.6 5.00 70.00 75.00 NOTE
r-oldrel-macos-arm64 0.2.6 40.00 NOTE
r-oldrel-macos-x86_64 0.2.6 55.00 NOTE
r-oldrel-windows-x86_64 0.2.6 6.00 81.00 87.00 NOTE

Check Details

Version: 0.2.6
Check: LazyData
Result: NOTE 'LazyData' is specified without a 'data' directory Flavors: r-devel-linux-x86_64-debian-clang, r-devel-linux-x86_64-debian-gcc, r-devel-linux-x86_64-fedora-clang, r-devel-linux-x86_64-fedora-gcc, r-devel-windows-x86_64, r-patched-linux-x86_64, r-release-linux-x86_64, r-release-macos-arm64, r-release-macos-x86_64, r-release-windows-x86_64, r-oldrel-macos-arm64, r-oldrel-macos-x86_64, r-oldrel-windows-x86_64