CRAN Package Check Results for Package dnet

Last updated on 2021-09-28 14:52:06 CEST.

Flavor Version Tinstall Tcheck Ttotal Status Flags
r-devel-linux-x86_64-debian-clang 1.1.7 21.63 175.75 197.38 OK
r-devel-linux-x86_64-debian-gcc 1.1.7 17.20 127.23 144.43 OK
r-devel-linux-x86_64-fedora-clang 1.1.7 237.69 OK
r-devel-linux-x86_64-fedora-gcc 1.1.7 227.23 OK
r-devel-windows-x86_64 1.1.7 23.00 149.00 172.00 OK
r-devel-windows-x86_64-gcc10-UCRT 1.1.7 OK
r-patched-linux-x86_64 1.1.7 20.79 161.83 182.62 OK
r-patched-solaris-x86 1.1.7 299.30 OK
r-release-linux-x86_64 1.1.7 18.21 163.99 182.20 OK
r-release-macos-arm64 1.1.7 ERROR
r-release-macos-x86_64 1.1.7 OK
r-release-windows-ix86+x86_64 1.1.7 42.00 155.00 197.00 OK
r-oldrel-macos-x86_64 1.1.7 OK
r-oldrel-windows-ix86+x86_64 1.1.7 31.00 148.00 179.00 OK

Check Details

Version: 1.1.7
Check: package dependencies
Result: ERROR
    Package required but not available: ‘supraHex’
    
    See section ‘The DESCRIPTION file’ in the ‘Writing R Extensions’
    manual.
Flavor: r-release-macos-arm64