Last updated on 2023-03-25 16:49:40 CET.
Flavor | Version | Tinstall | Tcheck | Ttotal | Status | Flags |
---|---|---|---|---|---|---|
r-devel-linux-x86_64-debian-clang | 0.3.5 | 15.59 | 216.67 | 232.26 | NOTE | |
r-devel-linux-x86_64-debian-gcc | 0.3.5 | 10.21 | 158.80 | 169.01 | NOTE | |
r-devel-linux-x86_64-fedora-gcc | 0.3.5 | 286.49 | NOTE | |||
r-patched-linux-x86_64 | 0.3.5 | 15.76 | 205.06 | 220.82 | OK | |
r-release-linux-x86_64 | 0.3.5 | 13.01 | 201.92 | 214.93 | OK | |
r-release-macos-arm64 | 0.3.5 | 93.00 | OK | |||
r-release-macos-x86_64 | 0.3.5 | 160.00 | OK | |||
r-release-windows-x86_64 | 0.3.5 | 30.00 | 264.00 | 294.00 | OK | |
r-oldrel-macos-arm64 | 0.3.5 | 96.00 | OK | |||
r-oldrel-macos-x86_64 | 0.3.5 | 141.00 | OK | |||
r-oldrel-windows-ix86+x86_64 | 0.3.5 | 32.00 | 257.00 | 289.00 | OK |
Version: 0.3.5
Check: package subdirectories
Result: NOTE
Problems with news in ‘NEWS.md’:
No news entries found.
Flavors: r-devel-linux-x86_64-debian-clang, r-devel-linux-x86_64-debian-gcc, r-devel-linux-x86_64-fedora-gcc
Version: 0.3.5
Check: Rd files
Result: NOTE
checkRd: (-1) dnr.Rd:12: Escaped LaTeX specials: \#
Flavors: r-devel-linux-x86_64-debian-clang, r-devel-linux-x86_64-debian-gcc, r-devel-linux-x86_64-fedora-gcc