CRAN Package Check Results for Package doFuture

Last updated on 2025-01-19 22:49:10 CET.

Flavor Version Tinstall Tcheck Ttotal Status Flags
r-devel-linux-x86_64-debian-clang 1.0.1 3.01 116.87 119.88 NOTE
r-devel-linux-x86_64-debian-gcc 1.0.1 2.25 95.78 98.03 NOTE
r-devel-linux-x86_64-fedora-clang 1.0.1 212.53 OK
r-devel-linux-x86_64-fedora-gcc 1.0.1 211.71 OK
r-devel-windows-x86_64 1.0.1 4.00 182.00 186.00 NOTE
r-patched-linux-x86_64 1.0.1 5.58 110.01 115.59 OK
r-release-linux-x86_64 1.0.1 2.48 111.36 113.84 OK
r-release-macos-arm64 1.0.1 106.00 OK
r-release-macos-x86_64 1.0.1 163.00 OK
r-release-windows-x86_64 1.0.1 5.00 173.00 178.00 OK
r-oldrel-macos-arm64 1.0.1 132.00 OK
r-oldrel-macos-x86_64 1.0.1 230.00 OK
r-oldrel-windows-x86_64 1.0.1 5.00 208.00 213.00 OK

Check Details

Version: 1.0.1
Check: Rd cross-references
Result: NOTE Found the following Rd file(s) with Rd \link{} targets missing package anchors: doFuture.Rd: foreach, future grapes-dofuture-grapes.Rd: %dopar% Please provide package anchors for all Rd \link{} targets not in the package itself and the base packages. Flavors: r-devel-linux-x86_64-debian-clang, r-devel-linux-x86_64-debian-gcc, r-devel-windows-x86_64