CRAN Package Check Results for Package doFuture

Last updated on 2021-09-19 23:50:02 CEST.

Flavor Version Tinstall Tcheck Ttotal Status Flags
r-devel-linux-x86_64-debian-clang 0.12.0 3.22 89.67 92.89 OK
r-devel-linux-x86_64-debian-gcc 0.12.0 2.14 69.82 71.96 OK
r-devel-linux-x86_64-fedora-clang 0.12.0 123.85 OK
r-devel-linux-x86_64-fedora-gcc 0.12.0 164.86 OK
r-devel-windows-x86_64 0.12.0 4.00 116.00 120.00 OK
r-devel-windows-x86_64-gcc10-UCRT 0.12.0 ERROR
r-patched-linux-x86_64 0.12.0 2.60 87.21 89.81 OK
r-patched-solaris-x86 0.12.0 58.70 OK --no-tests
r-release-linux-x86_64 0.12.0 3.01 86.78 89.79 OK
r-release-macos-arm64 0.12.0 OK
r-release-macos-x86_64 0.12.0 OK
r-release-windows-ix86+x86_64 0.12.0 7.00 114.00 121.00 OK
r-oldrel-macos-x86_64 0.12.0 OK
r-oldrel-windows-ix86+x86_64 0.12.0 7.00 120.00 127.00 OK

Check Details

Version: 0.12.0
Check: whether package can be installed
Result: WARN
    Found the following significant warnings:
     WARNING: installation-time patches will not be applied, could not get the patches index
Flavor: r-devel-windows-x86_64-gcc10-UCRT

Version: 0.12.0
Check: PDF version of manual
Result: WARN
    LaTeX errors when creating PDF version.
    This typically indicates Rd problems.
Flavor: r-devel-windows-x86_64-gcc10-UCRT

Version: 0.12.0
Check: PDF version of manual without hyperrefs or index
Result: ERROR
    Re-running with no redirection of stdout/stderr.
Flavor: r-devel-windows-x86_64-gcc10-UCRT