CRAN Package Check Results for Package doMIsaul

Last updated on 2021-10-23 03:28:41 CEST.

Flavor Version Tinstall Tcheck Ttotal Status Flags
r-devel-linux-x86_64-debian-clang 1.0.1 13.06 205.94 219.00 OK
r-devel-linux-x86_64-debian-gcc 1.0.1 10.04 148.82 158.86 OK
r-devel-linux-x86_64-fedora-clang 1.0.1 279.40 OK
r-devel-linux-x86_64-fedora-gcc 1.0.1 266.70 NOTE
r-devel-windows-x86_64 1.0.1 18.00 251.00 269.00 OK
r-devel-windows-x86_64-gcc10-UCRT 1.0.1 ERROR
r-patched-linux-x86_64 1.0.1 11.04 192.41 203.45 OK
r-patched-solaris-x86 1.0.1 344.00 OK
r-release-linux-x86_64 1.0.1 12.11 193.38 205.49 OK
r-release-macos-arm64 1.0.0 OK
r-release-macos-x86_64 1.0.1 OK
r-release-windows-ix86+x86_64 1.0.0 20.00 211.00 231.00 OK
r-oldrel-macos-x86_64 1.0.1 OK
r-oldrel-windows-ix86+x86_64 1.0.1 19.00 181.00 200.00 OK

Check Details

Version: 1.0.1
Check: package dependencies
Result: NOTE
    Package suggested but not available for checking: ‘CPE’
Flavor: r-devel-linux-x86_64-fedora-gcc

Version: 1.0.1
Check: package dependencies
Result: NOTE
    Packages suggested but not available for checking: 'CPE', 'igraph'
Flavor: r-devel-windows-x86_64-gcc10-UCRT

Version: 1.0.1
Check: examples
Result: ERROR
    Running examples in 'doMIsaul-Ex.R' failed
    The error most likely occurred in:
    
    > ### Name: MultiCons
    > ### Title: MultiCons Consensus Clustering Algorithm
    > ### Aliases: MultiCons
    >
    > ### ** Examples
    >
    > library(mclust)
    Package 'mclust' version 5.4.7
    Type 'citation("mclust")' for citing this R package in publications.
    > ### With clustering algorithm choices
    > MultiCons(iris[, 1:4],
    + Clustering_selection = c("kmeans", "pam", "DIANA", "MCLUST"),
    + Plot = TRUE)
    Loading required namespace: igraph
    Failed with error: 'there is no package called 'igraph''
    Loading required namespace: RColorBrewer
    Loading required namespace: cluster
    Error in loadNamespace(x) : there is no package called 'igraph'
    Calls: MultiCons ... loadNamespace -> withRestarts -> withOneRestart -> doWithOneRestart
    Execution halted
Flavor: r-devel-windows-x86_64-gcc10-UCRT

Version: 1.0.1
Check: tests
Result: ERROR
     Running 'testthat.R'
    Running the tests in 'tests/testthat.R' failed.
    Complete output:
     > library(testthat)
     > library(doMIsaul)
     >
     > test_check("doMIsaul")
     Loading required namespace: mclust
     Package 'mclust' version 5.4.7
     Type 'citation("mclust")' for citing this R package in publications.
     Loading required namespace: CPE
     Failed with error: 'there is no package called 'CPE''
     Loading required namespace: igraph
     Failed with error: 'there is no package called 'igraph''
     Loading required namespace: RColorBrewer
     Loading required namespace: dbscan
     Loading required namespace: cluster
     ══ Skipped tests ═══════════════════════════════════════════════════════════════
     • empty test (1)
    
     ══ Failed tests ════════════════════════════════════════════════════════════════
     ── Error (test-unsupMI.R:221:5): multiCOns ─────────────────────────────────────
     <packageNotFoundError/error/condition>
     Error in `loadNamespace(x)`: there is no package called 'igraph'
     Backtrace:
     █
     1. ├─testthat::expect_equal(...) test-unsupMI.R:221:4
     2. │ └─testthat::quasi_label(enquo(object), label, arg = "object")
     3. │ └─rlang::eval_bare(expr, quo_get_env(quo))
     4. ├─doMIsaul::MultiCons(...)
     5. └─base::loadNamespace(x)
     6. └─base::withRestarts(stop(cond), retry_loadNamespace = function() NULL)
     7. └─base:::withOneRestart(expr, restarts[[1L]])
     8. └─base:::doWithOneRestart(return(expr), restart)
    
     [ FAIL 1 | WARN 0 | SKIP 1 | PASS 71 ]
     Error: Test failures
     Execution halted
Flavor: r-devel-windows-x86_64-gcc10-UCRT