CRAN Package Check Results for Package doMPI

Last updated on 2024-05-21 20:51:20 CEST.

Flavor Version Tinstall Tcheck Ttotal Status Flags
r-devel-linux-x86_64-debian-clang 0.2.2 3.63 38.80 42.43 OK
r-devel-linux-x86_64-debian-gcc 0.2.2 3.05 30.40 33.45 OK
r-devel-linux-x86_64-fedora-clang 0.2.2 64.68 OK
r-devel-linux-x86_64-fedora-gcc 0.2.2 71.69 OK
r-devel-windows-x86_64 0.2.2 4.00 58.00 62.00 OK
r-patched-linux-x86_64 0.2.2 3.92 37.24 41.16 OK
r-release-linux-x86_64 0.2.2 3.65 37.37 41.02 OK
r-release-macos-arm64 0.2.2 5.00 ERROR
r-release-macos-x86_64 0.2.2 19.00 ERROR
r-release-windows-x86_64 0.2.2 4.00 59.00 63.00 OK
r-oldrel-macos-arm64 0.2.2 9.00 ERROR
r-oldrel-macos-x86_64 0.2.2 13.00 ERROR
r-oldrel-windows-x86_64 0.2.2 4.00 57.00 61.00 OK

Check Details

Version: 0.2.2
Check: package dependencies
Result: ERROR Package required but not available: ‘Rmpi’ See section ‘The DESCRIPTION file’ in the ‘Writing R Extensions’ manual. Flavors: r-release-macos-arm64, r-release-macos-x86_64, r-oldrel-macos-arm64, r-oldrel-macos-x86_64