CRAN Package Check Results for Package doParallel

Last updated on 2019-06-16 20:46:59 CEST.

Flavor Version Tinstall Tcheck Ttotal Status Flags
r-devel-linux-x86_64-debian-clang 1.0.14 2.09 113.81 115.90 NOTE
r-devel-linux-x86_64-debian-gcc 1.0.14 1.51 86.96 88.47 NOTE
r-devel-linux-x86_64-fedora-clang 1.0.14 127.97 OK
r-devel-linux-x86_64-fedora-gcc 1.0.14 127.36 OK
r-devel-windows-ix86+x86_64 1.0.14 9.00 128.00 137.00 OK
r-patched-linux-x86_64 1.0.14 2.02 109.59 111.61 NOTE
r-patched-solaris-x86 1.0.14 282.40 OK
r-release-linux-x86_64 1.0.14 2.15 111.70 113.85 NOTE
r-release-windows-ix86+x86_64 1.0.14 5.00 170.00 175.00 OK
r-release-osx-x86_64 1.0.14 OK
r-oldrel-windows-ix86+x86_64 1.0.14 3.00 146.00 149.00 OK
r-oldrel-osx-x86_64 1.0.14 OK

Check Details

Version: 1.0.14
Check: R code for possible problems
Result: NOTE
    Found the following calls to attach():
    File 'doParallel/R/doParallel.R':
     attach(exportEnv)
    See section 'Good practice' in '?attach'.
Flavors: r-devel-linux-x86_64-debian-clang, r-devel-linux-x86_64-debian-gcc, r-patched-linux-x86_64, r-release-linux-x86_64