CRAN Package Check Results for Package doParallel

Last updated on 2019-08-20 05:47:04 CEST.

Flavor Version Tinstall Tcheck Ttotal Status Flags
r-devel-linux-x86_64-debian-clang 1.0.15 2.34 113.71 116.05 NOTE
r-devel-linux-x86_64-debian-gcc 1.0.15 1.93 86.04 87.97 NOTE
r-devel-linux-x86_64-fedora-clang 1.0.15 128.90 OK
r-devel-linux-x86_64-fedora-gcc 1.0.15 135.18 OK
r-devel-windows-ix86+x86_64 1.0.15 8.00 179.00 187.00 OK
r-patched-linux-x86_64 1.0.15 1.86 109.57 111.43 NOTE
r-patched-solaris-x86 1.0.15 230.90 OK
r-release-linux-x86_64 1.0.15 1.71 108.26 109.97 NOTE
r-release-windows-ix86+x86_64 1.0.15 5.00 124.00 129.00 OK
r-release-osx-x86_64 1.0.15 OK
r-oldrel-windows-ix86+x86_64 1.0.15 7.00 125.00 132.00 OK
r-oldrel-osx-x86_64 1.0.15 OK

Check Details

Version: 1.0.15
Check: R code for possible problems
Result: NOTE
    Found the following calls to attach():
    File 'doParallel/R/doParallel.R':
     attach(exportEnv)
    See section 'Good practice' in '?attach'.
Flavors: r-devel-linux-x86_64-debian-clang, r-devel-linux-x86_64-debian-gcc, r-patched-linux-x86_64, r-release-linux-x86_64