CRAN Package Check Results for Package doParallel

Last updated on 2020-05-27 00:47:35 CEST.

Flavor Version Tinstall Tcheck Ttotal Status Flags
r-devel-linux-x86_64-debian-clang 1.0.15 2.56 121.86 124.42 NOTE
r-devel-linux-x86_64-debian-gcc 1.0.15 1.89 93.47 95.36 NOTE
r-devel-linux-x86_64-fedora-clang 1.0.15 147.34 OK
r-devel-linux-x86_64-fedora-gcc 1.0.15 143.04 OK
r-devel-windows-ix86+x86_64 1.0.15 8.00 177.00 185.00 OK
r-patched-linux-x86_64 1.0.15 2.54 121.27 123.81 NOTE
r-patched-solaris-x86 1.0.15 288.60 OK
r-release-linux-x86_64 1.0.15 2.56 119.68 122.24 NOTE
r-release-osx-x86_64 1.0.15 OK
r-release-windows-ix86+x86_64 1.0.15 6.00 175.00 181.00 OK
r-oldrel-osx-x86_64 1.0.15 OK
r-oldrel-windows-ix86+x86_64 1.0.15 8.00 134.00 142.00 OK

Check Details

Version: 1.0.15
Check: R code for possible problems
Result: NOTE
    Found the following calls to attach():
    File 'doParallel/R/doParallel.R':
     attach(exportEnv)
    See section 'Good practice' in '?attach'.
Flavors: r-devel-linux-x86_64-debian-clang, r-devel-linux-x86_64-debian-gcc, r-patched-linux-x86_64, r-release-linux-x86_64