CRAN Package Check Results for Package doParallel

Last updated on 2022-08-15 10:51:05 CEST.

Flavor Version Tinstall Tcheck Ttotal Status Flags
r-devel-linux-x86_64-debian-clang 1.0.17 1.90 134.17 136.07 NOTE
r-devel-linux-x86_64-debian-gcc 1.0.17 1.88 98.99 100.87 NOTE
r-devel-linux-x86_64-fedora-clang 1.0.17 164.97 OK
r-devel-linux-x86_64-fedora-gcc 1.0.17 174.00 OK
r-devel-windows-x86_64 1.0.17 23.00 161.00 184.00 OK
r-patched-linux-x86_64 1.0.17 1.66 123.59 125.25 NOTE
r-release-linux-x86_64 1.0.17 2.32 124.45 126.77 NOTE
r-release-macos-arm64 1.0.17 82.00 OK
r-release-macos-x86_64 1.0.17 99.00 OK
r-release-windows-x86_64 1.0.17 17.00 155.00 172.00 OK
r-oldrel-macos-arm64 1.0.17 71.00 OK
r-oldrel-macos-x86_64 1.0.17 104.00 OK
r-oldrel-windows-ix86+x86_64 1.0.17 6.00 161.00 167.00 OK

Check Details

Version: 1.0.17
Check: R code for possible problems
Result: NOTE
    Found the following calls to attach():
    File 'doParallel/R/doParallel.R':
     attach(exportEnv)
    See section 'Good practice' in '?attach'.
Flavors: r-devel-linux-x86_64-debian-clang, r-devel-linux-x86_64-debian-gcc, r-patched-linux-x86_64, r-release-linux-x86_64