CRAN Package Check Results for Package doRNG

Last updated on 2022-09-29 09:55:29 CEST.

Flavor Version Tinstall Tcheck Ttotal Status Flags
r-devel-linux-x86_64-debian-clang 1.8.2 2.84 53.27 56.11 OK
r-devel-linux-x86_64-debian-gcc 1.8.2 2.08 41.22 43.30 OK
r-devel-linux-x86_64-fedora-clang 1.8.2 121.50 OK
r-devel-linux-x86_64-fedora-gcc 1.8.2 118.99 OK
r-devel-windows-x86_64 1.8.2 11.00 137.00 148.00 OK
r-patched-linux-x86_64 1.8.2 4.57 50.79 55.36 OK
r-release-linux-x86_64 1.8.2 2.20 50.99 53.19 OK
r-release-macos-arm64 1.8.2 79.00 NOTE
r-release-macos-x86_64 1.8.2 90.00 NOTE
r-release-windows-x86_64 1.8.2 10.00 131.00 141.00 OK
r-oldrel-macos-arm64 1.8.2 84.00 NOTE
r-oldrel-macos-x86_64 1.8.2 101.00 NOTE
r-oldrel-windows-ix86+x86_64 1.8.2 6.00 98.00 104.00 OK

Check Details

Version: 1.8.2
Check: package dependencies
Result: NOTE
    Package suggested but not available for checking: ‘doMPI’
Flavors: r-release-macos-arm64, r-release-macos-x86_64

Version: 1.8.2
Check: Rd cross-references
Result: NOTE
    Package unavailable to check Rd xrefs: ‘doMPI’
Flavors: r-release-macos-arm64, r-release-macos-x86_64, r-oldrel-macos-arm64, r-oldrel-macos-x86_64

Version: 1.8.2
Check: package dependencies
Result: NOTE
    Packages suggested but not available for checking: 'doMPI', 'doRedis'
Flavors: r-oldrel-macos-arm64, r-oldrel-macos-x86_64