CRAN Package Check Results for Package doRedis

Last updated on 2024-06-19 11:23:42 CEST.

Flavor Version Tinstall Tcheck Ttotal Status Flags
r-devel-linux-x86_64-debian-clang 3.0.2 3.99 42.59 46.58 NOTE
r-devel-linux-x86_64-debian-gcc 3.0.2 3.30 32.79 36.09 NOTE
r-devel-linux-x86_64-fedora-clang 3.0.2 60.17 NOTE
r-devel-linux-x86_64-fedora-gcc 3.0.2 73.17 NOTE
r-devel-windows-x86_64 3.0.2 7.00 95.00 102.00 NOTE
r-patched-linux-x86_64 3.0.2 6.75 40.26 47.01 NOTE
r-release-linux-x86_64 3.0.2 4.02 40.33 44.35 NOTE
r-release-macos-arm64 3.0.2 31.00 NOTE
r-release-macos-x86_64 3.0.2 51.00 NOTE
r-release-windows-x86_64 3.0.2 8.00 97.00 105.00 NOTE
r-oldrel-macos-arm64 3.0.2 36.00 OK
r-oldrel-macos-x86_64 3.0.2 114.00 OK
r-oldrel-windows-x86_64 3.0.2 8.00 87.00 95.00 OK

Check Details

Version: 3.0.2
Check: Rd files
Result: NOTE checkRd: (-1) redisWorker.Rd:56: Lost braces; missing escapes or markup? 56 | You can increase it by including a {timeout=n} argument value. | ^ checkRd: (-1) startLocalWorkers.Rd:54: Lost braces; missing escapes or markup? 54 | You can increase it by including a {timeout=n} argument value. | ^ Flavors: r-devel-linux-x86_64-debian-clang, r-devel-linux-x86_64-debian-gcc, r-devel-linux-x86_64-fedora-clang, r-devel-linux-x86_64-fedora-gcc, r-devel-windows-x86_64, r-patched-linux-x86_64, r-release-linux-x86_64, r-release-macos-arm64, r-release-macos-x86_64, r-release-windows-x86_64