Last updated on 2023-12-09 12:49:18 CET.
Flavor | Version | Tinstall | Tcheck | Ttotal | Status | Flags |
---|---|---|---|---|---|---|
r-devel-linux-x86_64-debian-clang | 0.4 | 2.01 | 25.96 | 27.97 | NOTE | |
r-devel-linux-x86_64-debian-gcc | 0.4 | 1.78 | 20.12 | 21.90 | NOTE | |
r-devel-linux-x86_64-fedora-clang | 0.4 | 36.34 | OK | |||
r-devel-linux-x86_64-fedora-gcc | 0.4 | 33.74 | OK | |||
r-devel-windows-x86_64 | 0.4 | 4.00 | 52.00 | 56.00 | OK | |
r-patched-linux-x86_64 | 0.4 | 2.86 | 25.47 | 28.33 | OK | |
r-release-linux-x86_64 | 0.4 | 1.99 | 25.56 | 27.55 | OK | |
r-release-macos-arm64 | 0.4 | 18.00 | OK | |||
r-release-macos-x86_64 | 0.4 | 23.00 | OK | |||
r-release-windows-x86_64 | 0.4 | 6.00 | 53.00 | 59.00 | OK | |
r-oldrel-macos-arm64 | 0.4 | 19.00 | OK | |||
r-oldrel-macos-x86_64 | 0.4 | 23.00 | OK | |||
r-oldrel-windows-x86_64 | 0.4 | 8.00 | 54.00 | 62.00 | OK |
Version: 0.4
Check: Rd files
Result: NOTE
checkRd: (-1) beetle.Rd:13: Lost braces; missing escapes or markup?
13 | \item{\code{x}}{dose (log base 10 CS2mgl^{-1})}
| ^
Flavors: r-devel-linux-x86_64-debian-clang, r-devel-linux-x86_64-debian-gcc