CRAN Package Check Results for Package docuSignr

Last updated on 2024-05-23 13:49:14 CEST.

Flavor Version Tinstall Tcheck Ttotal Status Flags
r-devel-linux-x86_64-debian-clang 0.0.3 2.39 27.67 30.06 NOTE
r-devel-linux-x86_64-debian-gcc 0.0.3 1.89 21.39 23.28 NOTE
r-devel-linux-x86_64-fedora-clang 0.0.3 39.35 NOTE
r-devel-linux-x86_64-fedora-gcc 0.0.3 34.97 NOTE
r-devel-windows-x86_64 0.0.3 3.00 44.00 47.00 NOTE
r-patched-linux-x86_64 0.0.3 2.59 26.89 29.48 NOTE
r-release-linux-x86_64 0.0.3 1.66 26.12 27.78 NOTE
r-release-macos-arm64 0.0.3 17.00 NOTE
r-release-windows-x86_64 0.0.3 4.00 44.00 48.00 NOTE
r-oldrel-macos-arm64 0.0.3 17.00 NOTE
r-oldrel-macos-x86_64 0.0.3 23.00 NOTE
r-oldrel-windows-x86_64 0.0.3 4.00 47.00 51.00 NOTE

Check Details

Version: 0.0.3
Check: LazyData
Result: NOTE 'LazyData' is specified without a 'data' directory Flavors: r-devel-linux-x86_64-debian-clang, r-devel-linux-x86_64-debian-gcc, r-devel-linux-x86_64-fedora-clang, r-devel-linux-x86_64-fedora-gcc, r-devel-windows-x86_64, r-patched-linux-x86_64, r-release-linux-x86_64, r-release-macos-arm64, r-release-windows-x86_64, r-oldrel-macos-arm64, r-oldrel-macos-x86_64, r-oldrel-windows-x86_64